{"id":12,"date":"2017-06-16T11:41:48","date_gmt":"2017-06-16T11:41:48","guid":{"rendered":"https:\/\/www.poymena.com\/morocco\/?page_id=12"},"modified":"2025-02-18T20:12:49","modified_gmt":"2025-02-18T18:12:49","slug":"home","status":"publish","type":"page","link":"https:\/\/www.poymena.com\/morocco\/","title":{"rendered":"Produit de l&#8217;Ann\u00e9e Maroc"},"content":{"rendered":"<div class=\"wpb-content-wrapper\"><p>[vc_row][vc_column width=&#8221;1\/6&#8243;][\/vc_column][vc_column width=&#8221;2\/3&#8243;][vc_empty_space height=&#8221;80px&#8221;][vc_row_inner][vc_column_inner width=&#8221;1\/3&#8243;][vc_column_text]<\/p>\n<div class=\"card home-card\">\n<div class=\"icon-blk\">\n<p><a href=\"https:\/\/www.poymena.com\/morocco\/poy-benefits\/#power-of-poy\" target=\"_blank\" rel=\"noopener noreferrer\"><img decoding=\"async\" class=\"card-img-top image\" title=\"Why Us\" src=\"\/wp-content\/themes\/scalia\/images\/home\/whypoy-3.png\" alt=\"why-us\" \/><\/a><\/p>\n<div class=\"overlay\">\n<div class=\"text\"><a href=\"https:\/\/www.poymena.com\/morocco\/poy-benefits\/#power-of-poy\" target=\"_blank\" rel=\"noopener noreferrer\"><img decoding=\"async\" class=\"card-img-top\" title=\"Why us\" src=\"\/wp-content\/themes\/scalia\/images\/home\/whypoy-2.jpg\" alt=\"why us\" \/><\/a><\/div>\n<\/div>\n<\/div>\n<div class=\"card-block\">\n<h5><a style=\"color: #384554;\" href=\"https:\/\/www.poymena.com\/morocco\/poy-benefits\/#power-of-poy\" target=\"_blank\" rel=\"noopener noreferrer\">LA FORCE DE PDA<\/a><\/h5>\n<\/div>\n<\/div>\n<p>[\/vc_column_text][\/vc_column_inner][vc_column_inner width=&#8221;1\/3&#8243;][vc_column_text]<\/p>\n<div class=\"card home-card\">\n<div class=\"icon-blk\">\n<p><a href=\"https:\/\/www.poymena.com\/morocco\/process\/\" target=\"_blank\" rel=\"noopener noreferrer\"><img decoding=\"async\" class=\"card-img-top image\" title=\"LE PROCESSUS\" src=\"\/wp-content\/themes\/scalia\/images\/home\/howtowin.jpg\" alt=\"How to Win\" \/><\/a><\/p>\n<div class=\"overlay\">\n<div class=\"text\"><a href=\"https:\/\/www.poymena.com\/morocco\/process\/\" target=\"_blank\" rel=\"noopener noreferrer\"><img decoding=\"async\" class=\"card-img-top\" title=\"LE PROCESSUS\" src=\"\/wp-content\/themes\/scalia\/images\/home\/howtowin-2.jpg\" alt=\"How to Win\" \/><\/a><\/div>\n<\/div>\n<\/div>\n<div class=\"card-block\">\n<h5><a style=\"color: #384554;\" href=\"https:\/\/www.poymena.com\/morocco\/process\/\" target=\"_blank\" rel=\"noopener noreferrer\">LE PROCESSUS<\/a><\/h5>\n<\/div>\n<\/div>\n<p>[\/vc_column_text][\/vc_column_inner][vc_column_inner width=&#8221;1\/3&#8243;][vc_column_text]<\/p>\n<div class=\"card home-card\">\n<div class=\"icon-blk\">\n<p><a style=\"color: #e2003c;\" href=\"http:\/\/poymena.com\/morocco\/winners-2017\" target=\"_blank\" rel=\"noopener noreferrer\"><img decoding=\"async\" class=\"card-img-top image\" title=\"LES PRODUITS \u00c9LUS \" src=\"\/wp-content\/themes\/scalia\/images\/home\/winners.jpg\" alt=\"LES PRODUITS \u00c9LUS \" \/><\/a><\/p>\n<div class=\"overlay\">\n<div class=\"text\"><a style=\"color: #e2003c;\" href=\"http:\/\/poymena.com\/morocco\/winners-2017\" target=\"_blank\" rel=\"noopener noreferrer\"><img decoding=\"async\" class=\"card-img-top\" title=\"LES PRODUITS \u00c9LUS \" src=\"\/wp-content\/themes\/scalia\/images\/home\/winners-2.jpg\" alt=\"LES PRODUITS \u00c9LUS \" \/><\/a><\/div>\n<\/div>\n<\/div>\n<div class=\"card-block\">\n<h5><a style=\"color: #384554;\" href=\"http:\/\/poymena.com\/morocco\/winners-2017\" target=\"_blank\" rel=\"noopener noreferrer\">LES PRODUITS \u00c9LUS <\/a><\/h5>\n<\/div>\n<\/div>\n<p>[\/vc_column_text][\/vc_column_inner][\/vc_row_inner][\/vc_column][vc_column width=&#8221;1\/6&#8243;][\/vc_column][\/vc_row][vc_row el_id=&#8221;timeline-row&#8221;][vc_column]<div class=\"fullwidth-block clearfix\" style=\"background-color: #eeeeee;background-position: center top;padding-top: 50px;padding-left: 90px;padding-right: 90px;\">[vc_empty_space height=&#8221;50px&#8221;][vc_text_separator title=&#8221; POY&#8221; color=&#8221;custom&#8221; accent_color=&#8221;#e2003c&#8221;][vc_row_inner][vc_column_inner width=&#8221;1\/4&#8243;][vc_column_text]<\/p>\n<div class=\"timeline-blk\" style=\"text-align: center;\">\n<p><span class=\"number-blk\"><img decoding=\"async\" title=\"Inscription \u00e0 la comp\u00e9tition\" src=\"\/wp-content\/themes\/scalia\/images\/number-1.png\" alt=\"\" \/><\/span><\/p>\n<div class=\"timeline-box\">\n<h5 style=\"color: #e2003c;\">Inscription \u00e0 la comp\u00e9tition<\/h5>\n<h6><b>Juin \u2013 Octobre<\/b><\/h6>\n<p>Ouverture des inscriptions en ligne pour tout produit de consommation ou de service qui r\u00e9pond aux crit\u00e8res de participation: Nouveau et innovant.<\/p>\n<\/div>\n<\/div>\n<p>[\/vc_column_text][\/vc_column_inner][vc_column_inner width=&#8221;1\/4&#8243;][vc_column_text]<\/p>\n<div class=\"timeline-blk\" style=\"text-align: center;\">\n<p><span class=\"number-blk\"><img decoding=\"async\" title=\"Inscription \u00e0 la comp\u00e9tition\" src=\"\/wp-content\/themes\/scalia\/images\/number-2.png\" alt=\"\" \/><\/span><\/p>\n<div class=\"timeline-box\">\n<h5 style=\"color: #e2003c;\">Le Comit\u00e9 D\u2019Experts<\/h5>\n<h6>Novembre<\/h6>\n<p>Tous les produits soumis seront examin\u00e9s et valid\u00e9s par le Comit\u00e9 D\u2019Experts \u00a0afin de s\u2019assurer que les crit\u00e8res d\u2019innovation sont respect\u00e9s.<\/p>\n<\/div>\n<\/div>\n<p>[\/vc_column_text][\/vc_column_inner][vc_column_inner width=&#8221;1\/4&#8243;][vc_column_text]<\/p>\n<div class=\"timeline-blk\" style=\"text-align: center;\">\n<p><span class=\"number-blk\"><img decoding=\"async\" title=\"Le Comit\u00e9 D\u2019Experts\" src=\"\/wp-content\/themes\/scalia\/images\/number-3.png\" alt=\"\" \/><\/span><\/p>\n<div class=\"timeline-box\">\n<h5 style=\"color: #e2003c;\">Enqu\u00eate\/ Vote des Consommateurs<\/h5>\n<h6><b>D\u00e9cembre<\/b><\/h6>\n<p>Enqu\u00eate effectu\u00e9e par Nielsen\u00a0sur\u00a0un panel de 2400 consommateurs \u00a0pour d\u00e9terminer les laur\u00e9ats parmi les produits pr\u00e9s\u00e9lectionn\u00e9s.<\/p>\n<\/div>\n<\/div>\n<p>[\/vc_column_text][\/vc_column_inner][vc_column_inner width=&#8221;1\/4&#8243;][vc_column_text]<\/p>\n<div class=\"timeline-blk\" style=\"text-align: center;\">\n<p><span class=\"number-blk\"><img decoding=\"async\" title=\"Enqu\u00eate\/ Vote des Consommateurs \" src=\"\/wp-content\/themes\/scalia\/images\/number-4.png\" alt=\"\" \/><\/span><\/p>\n<div class=\"timeline-box\">\n<h5 style=\"color: #e2003c;\">La C\u00e9r\u00e9monie<\/h5>\n<h6><b>Mars<\/b><\/h6>\n<p>Les laur\u00e9ats sont annonc\u00e9s lors d\u2019une soir\u00e9e de gala avec une importante couverture m\u00e9diatique, et d\u00e9buteront leurs campagnes promotionnelles avec le logo PDA.<\/p>\n<\/div>\n<\/div>\n<p>[\/vc_column_text][\/vc_column_inner][\/vc_row_inner][vc_empty_space height=&#8221;50px&#8221;]<\/div>[\/vc_column][\/vc_row][vc_row disable_element=&#8221;yes&#8221;][vc_column][vc_empty_space height=&#8221;50px&#8221;][vc_text_separator title=&#8221;Ceremonie 2018&#8243; color=&#8221;custom&#8221; accent_color=&#8221;#e2003c&#8221;][\/vc_column][\/vc_row][vc_row disable_element=&#8221;yes&#8221;][vc_column width=&#8221;1\/6&#8243;][\/vc_column][vc_column width=&#8221;2\/3&#8243;][vc_column_text]<\/p>\n<p style=\"text-align: center;\">Coming soon!<\/p>\n<p style=\"text-align: center;\">La premi\u00e8re soir\u00e9e de remise de troph\u00e9e \u00e9dition 2018 aura lieu en Mars 2018.<\/p>\n<p style=\"text-align: center;\">Veuillez visiter la page\u00a0\u00ab \u00c9lu Produit De l\u2019Ann\u00e9e \u00bb dans le monde pour les laur\u00e9ats et les photos des ann\u00e9es pr\u00e9c\u00e9dentes.<\/p>\n<p style=\"text-align: center;\"><a href=\"http:\/\/www.poyworldwide.com\">www.poyworldwide.com<\/a><\/p>\n<p>[\/vc_column_text][\/vc_column][vc_column width=&#8221;1\/6&#8243;][\/vc_column][\/vc_row][vc_row][vc_column][vc_empty_space height=&#8221;80px&#8221;][vc_text_separator title=&#8221;Elu Produit de l\u2019Ann\u00e9e dans le monde&#8221; color=&#8221;custom&#8221; accent_color=&#8221;#e2003c&#8221;][\/vc_column][\/vc_row][vc_row][vc_column][vc_empty_space][vc_column_text][\/vc_column_text][\/vc_column][\/vc_row][vc_row][vc_column width=&#8221;1\/6&#8243;][\/vc_column][vc_column width=&#8221;2\/3&#8243;][vc_column_text]<iframe loading=\"lazy\" src=\"https:\/\/www.youtube.com\/embed\/jvKynsh60zo\" width=\"100%\" height=\"450px\" frameborder=\"0\" allowfullscreen=\"allowfullscreen\"><\/iframe>[\/vc_column_text][\/vc_column][vc_column width=&#8221;1\/6&#8243;][\/vc_column][\/vc_row][vc_row disable_element=&#8221;yes&#8221;][vc_column][vc_column_text el_class=&#8221;tc-slider-section&#8221;] <div class=\"tcls-wrap\"><div id=\"tc-logo\" class=\"owl-carousel owl-theme\"><div class=\"item\"><img decoding=\"async\" src=\"https:\/\/www.poymena.com\/morocco\/wp-content\/uploads\/2020\/03\/Assabah.png\" alt=\"\" \/><img decoding=\"async\" src=\"https:\/\/www.poymena.com\/morocco\/wp-content\/uploads\/2020\/03\/Assabah.png\" alt=\"\" \/><\/div><div class=\"item\"><img decoding=\"async\" src=\"https:\/\/www.poymena.com\/morocco\/wp-content\/uploads\/2025\/02\/Atlantic-radio-logo-Vectorise.png\" alt=\"\" \/><img decoding=\"async\" src=\"https:\/\/www.poymena.com\/morocco\/wp-content\/uploads\/2025\/02\/Atlantic-radio-logo-Vectorise.png\" alt=\"\" \/><\/div><div class=\"item\"><img decoding=\"async\" src=\"https:\/\/www.poymena.com\/morocco\/wp-content\/uploads\/2020\/03\/logo-eco.png\" alt=\"\" \/><img decoding=\"async\" src=\"https:\/\/www.poymena.com\/morocco\/wp-content\/uploads\/2020\/03\/logo-eco.png\" alt=\"\" \/><\/div><div class=\"item\"><a href=\"https:\/\/www.lalamoulati.net\/\"><img decoding=\"async\" src=\"https:\/\/www.poymena.com\/morocco\/wp-content\/uploads\/2018\/04\/lalamoulati-logo-box.png\" alt=\"\" \/><img decoding=\"async\" src=\"https:\/\/www.poymena.com\/morocco\/wp-content\/uploads\/2018\/04\/lalamoulati-logo-box.png\" alt=\"\" \/><\/a><\/div><div class=\"item\"><a href=\"#\"><img decoding=\"async\" src=\"https:\/\/www.poymena.com\/morocco\/wp-content\/uploads\/2018\/04\/mediamarketing.png\" alt=\"\" \/><img decoding=\"async\" src=\"https:\/\/www.poymena.com\/morocco\/wp-content\/uploads\/2018\/04\/mediamarketing.png\" alt=\"\" \/><\/a><\/div><div class=\"item\"><a href=\"#\"><img decoding=\"async\" src=\"https:\/\/www.poymena.com\/morocco\/wp-content\/uploads\/2018\/04\/walaw.png\" alt=\"\" \/><img decoding=\"async\" src=\"https:\/\/www.poymena.com\/morocco\/wp-content\/uploads\/2018\/04\/walaw.png\" alt=\"\" \/><\/a><\/div><div class=\"item\"><a href=\"#\"><img decoding=\"async\" src=\"https:\/\/www.poymena.com\/morocco\/wp-content\/uploads\/2018\/01\/sports-1.png\" alt=\"\" \/><img decoding=\"async\" src=\"https:\/\/www.poymena.com\/morocco\/wp-content\/uploads\/2018\/01\/sports-1.png\" alt=\"\" \/><\/a><\/div><div class=\"item\"><a href=\"#\"><img decoding=\"async\" src=\"https:\/\/www.poymena.com\/morocco\/wp-content\/uploads\/2018\/01\/sante-1.png\" alt=\"\" \/><img decoding=\"async\" src=\"https:\/\/www.poymena.com\/morocco\/wp-content\/uploads\/2018\/01\/sante-1.png\" alt=\"\" \/><\/a><\/div><div class=\"item\"><a href=\"#\"><img decoding=\"async\" src=\"https:\/\/www.poymena.com\/morocco\/wp-content\/uploads\/2018\/01\/Plurielle-3.png\" alt=\"\" \/><img decoding=\"async\" src=\"https:\/\/www.poymena.com\/morocco\/wp-content\/uploads\/2018\/01\/Plurielle-3.png\" alt=\"\" \/><\/a><\/div><div class=\"item\"><a href=\"https:\/\/www.medias24.com\/\"><img decoding=\"async\" src=\"https:\/\/www.poymena.com\/morocco\/wp-content\/uploads\/2018\/01\/medias-1.png\" alt=\"\" \/><img decoding=\"async\" src=\"https:\/\/www.poymena.com\/morocco\/wp-content\/uploads\/2018\/01\/medias-1.png\" alt=\"\" \/><\/a><\/div><div class=\"item\"><a href=\"www.ammc.co\"><img decoding=\"async\" src=\"https:\/\/www.poymena.com\/morocco\/wp-content\/uploads\/2018\/01\/ammc-new-1.png\" alt=\"\" \/><img decoding=\"async\" src=\"https:\/\/www.poymena.com\/morocco\/wp-content\/uploads\/2018\/01\/ammc-new-1.png\" alt=\"\" \/><\/a><\/div><div class=\"item\"><a href=\"http:\/\/www.nielsen.com\/lb\/en.html\"><img decoding=\"async\" src=\"https:\/\/www.poymena.com\/morocco\/wp-content\/uploads\/2018\/01\/nielson-1.png\" alt=\"\" \/><img decoding=\"async\" src=\"https:\/\/www.poymena.com\/morocco\/wp-content\/uploads\/2018\/01\/nielson-1.png\" alt=\"\" \/><\/a><\/div><\/div><\/div>\n<p>[\/vc_column_text][\/vc_column][\/vc_row][vc_row][vc_column]<div class=\"fullwidth-block clearfix\" style=\"background-position: center top;\"><\/div>[\/vc_column][\/vc_row][vc_row][vc_column][vc_column_text]<div class=\"tcls-wrap\"><div id=\"tc-logo\" class=\"owl-carousel owl-theme\"><div class=\"item\"><img decoding=\"async\" src=\"https:\/\/www.poymena.com\/morocco\/wp-content\/uploads\/2020\/03\/Assabah.png\" alt=\"\" \/><img decoding=\"async\" src=\"https:\/\/www.poymena.com\/morocco\/wp-content\/uploads\/2020\/03\/Assabah.png\" alt=\"\" \/><\/div><div class=\"item\"><img decoding=\"async\" src=\"https:\/\/www.poymena.com\/morocco\/wp-content\/uploads\/2025\/02\/Atlantic-radio-logo-Vectorise.png\" alt=\"\" \/><img decoding=\"async\" src=\"https:\/\/www.poymena.com\/morocco\/wp-content\/uploads\/2025\/02\/Atlantic-radio-logo-Vectorise.png\" alt=\"\" \/><\/div><div class=\"item\"><img decoding=\"async\" src=\"https:\/\/www.poymena.com\/morocco\/wp-content\/uploads\/2020\/03\/logo-eco.png\" alt=\"\" \/><img decoding=\"async\" src=\"https:\/\/www.poymena.com\/morocco\/wp-content\/uploads\/2020\/03\/logo-eco.png\" alt=\"\" \/><\/div><div class=\"item\"><a href=\"https:\/\/www.lalamoulati.net\/\"><img decoding=\"async\" src=\"https:\/\/www.poymena.com\/morocco\/wp-content\/uploads\/2018\/04\/lalamoulati-logo-box.png\" alt=\"\" \/><img decoding=\"async\" src=\"https:\/\/www.poymena.com\/morocco\/wp-content\/uploads\/2018\/04\/lalamoulati-logo-box.png\" alt=\"\" \/><\/a><\/div><div class=\"item\"><a href=\"#\"><img decoding=\"async\" src=\"https:\/\/www.poymena.com\/morocco\/wp-content\/uploads\/2018\/04\/mediamarketing.png\" alt=\"\" \/><img decoding=\"async\" src=\"https:\/\/www.poymena.com\/morocco\/wp-content\/uploads\/2018\/04\/mediamarketing.png\" alt=\"\" \/><\/a><\/div><div class=\"item\"><a href=\"#\"><img decoding=\"async\" src=\"https:\/\/www.poymena.com\/morocco\/wp-content\/uploads\/2018\/04\/walaw.png\" alt=\"\" \/><img decoding=\"async\" src=\"https:\/\/www.poymena.com\/morocco\/wp-content\/uploads\/2018\/04\/walaw.png\" alt=\"\" \/><\/a><\/div><div class=\"item\"><a href=\"#\"><img decoding=\"async\" src=\"https:\/\/www.poymena.com\/morocco\/wp-content\/uploads\/2018\/01\/sports-1.png\" alt=\"\" \/><img decoding=\"async\" src=\"https:\/\/www.poymena.com\/morocco\/wp-content\/uploads\/2018\/01\/sports-1.png\" alt=\"\" \/><\/a><\/div><div class=\"item\"><a href=\"#\"><img decoding=\"async\" src=\"https:\/\/www.poymena.com\/morocco\/wp-content\/uploads\/2018\/01\/sante-1.png\" alt=\"\" \/><img decoding=\"async\" src=\"https:\/\/www.poymena.com\/morocco\/wp-content\/uploads\/2018\/01\/sante-1.png\" alt=\"\" \/><\/a><\/div><div class=\"item\"><a href=\"#\"><img decoding=\"async\" src=\"https:\/\/www.poymena.com\/morocco\/wp-content\/uploads\/2018\/01\/Plurielle-3.png\" alt=\"\" \/><img decoding=\"async\" src=\"https:\/\/www.poymena.com\/morocco\/wp-content\/uploads\/2018\/01\/Plurielle-3.png\" alt=\"\" \/><\/a><\/div><div class=\"item\"><a href=\"https:\/\/www.medias24.com\/\"><img decoding=\"async\" src=\"https:\/\/www.poymena.com\/morocco\/wp-content\/uploads\/2018\/01\/medias-1.png\" alt=\"\" \/><img decoding=\"async\" src=\"https:\/\/www.poymena.com\/morocco\/wp-content\/uploads\/2018\/01\/medias-1.png\" alt=\"\" \/><\/a><\/div><div class=\"item\"><a href=\"www.ammc.co\"><img decoding=\"async\" src=\"https:\/\/www.poymena.com\/morocco\/wp-content\/uploads\/2018\/01\/ammc-new-1.png\" alt=\"\" \/><img decoding=\"async\" src=\"https:\/\/www.poymena.com\/morocco\/wp-content\/uploads\/2018\/01\/ammc-new-1.png\" alt=\"\" \/><\/a><\/div><div class=\"item\"><a href=\"http:\/\/www.nielsen.com\/lb\/en.html\"><img decoding=\"async\" src=\"https:\/\/www.poymena.com\/morocco\/wp-content\/uploads\/2018\/01\/nielson-1.png\" alt=\"\" \/><img decoding=\"async\" src=\"https:\/\/www.poymena.com\/morocco\/wp-content\/uploads\/2018\/01\/nielson-1.png\" alt=\"\" \/><\/a><\/div><\/div><\/div>[\/vc_column_text][\/vc_column][\/vc_row]<\/p>\n<\/div>","protected":false},"excerpt":{"rendered":"<p>[vc_row][vc_column width=&#8221;1\/6&#8243;][\/vc_column][vc_column width=&#8221;2\/3&#8243;][vc_empty_space height=&#8221;80px&#8221;][vc_row_inner][vc_column_inner width=&#8221;1\/3&#8243;][vc_column_text] LA FORCE DE PDA [\/vc_column_text][\/vc_column_inner][vc_column_inner width=&#8221;1\/3&#8243;][vc_column_text] LE PROCESSUS [\/vc_column_text][\/vc_column_inner][vc_column_inner width=&#8221;1\/3&#8243;][vc_column_text] LES PRODUITS \u00c9LUS [\/vc_column_text][\/vc_column_inner][\/vc_row_inner][\/vc_column][vc_column width=&#8221;1\/6&#8243;][\/vc_column][\/vc_row][vc_row&#8230;<\/p>\n","protected":false},"author":2,"featured_media":0,"parent":0,"menu_order":0,"comment_status":"closed","ping_status":"closed","template":"","meta":{"_acf_changed":false,"footnotes":""},"class_list":["post-12","page","type-page","status-publish","hentry"],"acf":[],"yoast_head":"<!-- This site is optimized with the Yoast SEO plugin v27.5 - https:\/\/yoast.com\/product\/yoast-seo-wordpress\/ -->\n<title>Produit de l&#039;Ann\u00e9e Maroc - Morocco - POYMENA<\/title>\n<meta name=\"description\" content=\"Produit De l\u2019Ann\u00e9e Maroc r\u00e9compense les marques nationales et internationales avec un label traduisant la satisfaction des consommateurs.\" \/>\n<meta name=\"robots\" content=\"index, follow, max-snippet:-1, max-image-preview:large, max-video-preview:-1\" \/>\n<link rel=\"canonical\" href=\"https:\/\/www.poymena.com\/morocco\/\" \/>\n<meta property=\"og:locale\" content=\"en_US\" \/>\n<meta property=\"og:type\" content=\"article\" \/>\n<meta property=\"og:title\" content=\"Produit de l&#039;Ann\u00e9e Maroc - Morocco - POYMENA\" \/>\n<meta property=\"og:description\" content=\"Produit De l\u2019Ann\u00e9e Maroc r\u00e9compense les marques nationales et internationales avec un label traduisant la satisfaction des consommateurs.\" \/>\n<meta property=\"og:url\" content=\"https:\/\/www.poymena.com\/morocco\/\" \/>\n<meta property=\"og:site_name\" content=\"Morocco - POYMENA\" \/>\n<meta property=\"article:modified_time\" content=\"2025-02-18T18:12:49+00:00\" \/>\n<meta name=\"twitter:card\" content=\"summary_large_image\" \/>\n<meta name=\"twitter:label1\" content=\"Est. reading time\" \/>\n\t<meta name=\"twitter:data1\" content=\"3 minutes\" \/>\n<script type=\"application\/ld+json\" class=\"yoast-schema-graph\">{\"@context\":\"https:\\\/\\\/schema.org\",\"@graph\":[{\"@type\":\"WebPage\",\"@id\":\"https:\\\/\\\/www.poymena.com\\\/morocco\\\/\",\"url\":\"https:\\\/\\\/www.poymena.com\\\/morocco\\\/\",\"name\":\"Produit de l'Ann\u00e9e Maroc - Morocco - POYMENA\",\"isPartOf\":{\"@id\":\"https:\\\/\\\/www.poymena.com\\\/morocco\\\/#website\"},\"datePublished\":\"2017-06-16T11:41:48+00:00\",\"dateModified\":\"2025-02-18T18:12:49+00:00\",\"description\":\"Produit De l\u2019Ann\u00e9e Maroc r\u00e9compense les marques nationales et internationales avec un label traduisant la satisfaction des consommateurs.\",\"breadcrumb\":{\"@id\":\"https:\\\/\\\/www.poymena.com\\\/morocco\\\/#breadcrumb\"},\"inLanguage\":\"en-US\",\"potentialAction\":[{\"@type\":\"ReadAction\",\"target\":[\"https:\\\/\\\/www.poymena.com\\\/morocco\\\/\"]}]},{\"@type\":\"BreadcrumbList\",\"@id\":\"https:\\\/\\\/www.poymena.com\\\/morocco\\\/#breadcrumb\",\"itemListElement\":[{\"@type\":\"ListItem\",\"position\":1,\"name\":\"Home\",\"item\":\"https:\\\/\\\/www.poymena.com\\\/morocco\\\/\"},{\"@type\":\"ListItem\",\"position\":2,\"name\":\"Produit de l&#8217;Ann\u00e9e Maroc\"}]},{\"@type\":\"WebSite\",\"@id\":\"https:\\\/\\\/www.poymena.com\\\/morocco\\\/#website\",\"url\":\"https:\\\/\\\/www.poymena.com\\\/morocco\\\/\",\"name\":\"Morocco - POYMENA\",\"description\":\"\",\"potentialAction\":[{\"@type\":\"SearchAction\",\"target\":{\"@type\":\"EntryPoint\",\"urlTemplate\":\"https:\\\/\\\/www.poymena.com\\\/morocco\\\/?s={search_term_string}\"},\"query-input\":{\"@type\":\"PropertyValueSpecification\",\"valueRequired\":true,\"valueName\":\"search_term_string\"}}],\"inLanguage\":\"en-US\"}]}<\/script>\n<!-- \/ Yoast SEO plugin. -->","yoast_head_json":{"title":"Produit de l'Ann\u00e9e Maroc - Morocco - POYMENA","description":"Produit De l\u2019Ann\u00e9e Maroc r\u00e9compense les marques nationales et internationales avec un label traduisant la satisfaction des consommateurs.","robots":{"index":"index","follow":"follow","max-snippet":"max-snippet:-1","max-image-preview":"max-image-preview:large","max-video-preview":"max-video-preview:-1"},"canonical":"https:\/\/www.poymena.com\/morocco\/","og_locale":"en_US","og_type":"article","og_title":"Produit de l'Ann\u00e9e Maroc - Morocco - POYMENA","og_description":"Produit De l\u2019Ann\u00e9e Maroc r\u00e9compense les marques nationales et internationales avec un label traduisant la satisfaction des consommateurs.","og_url":"https:\/\/www.poymena.com\/morocco\/","og_site_name":"Morocco - POYMENA","article_modified_time":"2025-02-18T18:12:49+00:00","twitter_card":"summary_large_image","twitter_misc":{"Est. reading time":"3 minutes"},"schema":{"@context":"https:\/\/schema.org","@graph":[{"@type":"WebPage","@id":"https:\/\/www.poymena.com\/morocco\/","url":"https:\/\/www.poymena.com\/morocco\/","name":"Produit de l'Ann\u00e9e Maroc - Morocco - POYMENA","isPartOf":{"@id":"https:\/\/www.poymena.com\/morocco\/#website"},"datePublished":"2017-06-16T11:41:48+00:00","dateModified":"2025-02-18T18:12:49+00:00","description":"Produit De l\u2019Ann\u00e9e Maroc r\u00e9compense les marques nationales et internationales avec un label traduisant la satisfaction des consommateurs.","breadcrumb":{"@id":"https:\/\/www.poymena.com\/morocco\/#breadcrumb"},"inLanguage":"en-US","potentialAction":[{"@type":"ReadAction","target":["https:\/\/www.poymena.com\/morocco\/"]}]},{"@type":"BreadcrumbList","@id":"https:\/\/www.poymena.com\/morocco\/#breadcrumb","itemListElement":[{"@type":"ListItem","position":1,"name":"Home","item":"https:\/\/www.poymena.com\/morocco\/"},{"@type":"ListItem","position":2,"name":"Produit de l&#8217;Ann\u00e9e Maroc"}]},{"@type":"WebSite","@id":"https:\/\/www.poymena.com\/morocco\/#website","url":"https:\/\/www.poymena.com\/morocco\/","name":"Morocco - POYMENA","description":"","potentialAction":[{"@type":"SearchAction","target":{"@type":"EntryPoint","urlTemplate":"https:\/\/www.poymena.com\/morocco\/?s={search_term_string}"},"query-input":{"@type":"PropertyValueSpecification","valueRequired":true,"valueName":"search_term_string"}}],"inLanguage":"en-US"}]}},"_links":{"self":[{"href":"https:\/\/www.poymena.com\/morocco\/wp-json\/wp\/v2\/pages\/12","targetHints":{"allow":["GET"]}}],"collection":[{"href":"https:\/\/www.poymena.com\/morocco\/wp-json\/wp\/v2\/pages"}],"about":[{"href":"https:\/\/www.poymena.com\/morocco\/wp-json\/wp\/v2\/types\/page"}],"author":[{"embeddable":true,"href":"https:\/\/www.poymena.com\/morocco\/wp-json\/wp\/v2\/users\/2"}],"replies":[{"embeddable":true,"href":"https:\/\/www.poymena.com\/morocco\/wp-json\/wp\/v2\/comments?post=12"}],"version-history":[{"count":30,"href":"https:\/\/www.poymena.com\/morocco\/wp-json\/wp\/v2\/pages\/12\/revisions"}],"predecessor-version":[{"id":954,"href":"https:\/\/www.poymena.com\/morocco\/wp-json\/wp\/v2\/pages\/12\/revisions\/954"}],"wp:attachment":[{"href":"https:\/\/www.poymena.com\/morocco\/wp-json\/wp\/v2\/media?parent=12"}],"curies":[{"name":"wp","href":"https:\/\/api.w.org\/{rel}","templated":true}]}}