{"id":60,"date":"2017-06-19T13:39:34","date_gmt":"2017-06-19T13:39:34","guid":{"rendered":"https:\/\/www.poymena.com\/morocco\/?page_id=60"},"modified":"2025-02-18T20:12:49","modified_gmt":"2025-02-18T18:12:49","slug":"survey-methodology","status":"publish","type":"page","link":"https:\/\/www.poymena.com\/morocco\/survey-methodology\/","title":{"rendered":"LA METHODOLOGIE"},"content":{"rendered":"<div class=\"wpb-content-wrapper\"><p>[vc_row][vc_column]<div class=\"fullwidth-block clearfix\" style=\"background-color: #eeeeee;background-position: center top;background-attachment: fixed;padding-top: 20px;padding-bottom: 20px;padding-left: 25px;padding-right: 25px;\"><div class=\"container\">[vc_row_inner][vc_column_inner width=&#8221;1\/6&#8243;][\/vc_column_inner][vc_column_inner width=&#8221;2\/3&#8243;][vc_empty_space height=&#8221;80px&#8221;][vc_column_text]<\/p>\n<h3 style=\"text-align: center;\"><span style=\"color: #e2003c;\">Qui ?<\/span><\/h3>\n<p>[\/vc_column_text][vc_column_text css=&#8221;.vc_custom_1498037723669{padding-bottom: 50px !important;}&#8221;]<\/p>\n<p style=\"text-align: center;\">Avec le lancement \u00ab Produit de l\u2019ann\u00e9e Maroc \u00bb en 2017, Nielsen est notre partenaire local sp\u00e9cialis\u00e9 au Maroc et est en charge de l\u2019enqu\u00eate annuelle aupr\u00e8s des consommateurs.<\/p>\n<p style=\"text-align: center;\">Nielsen garantit et renforce la transparence d\u2019une enqu\u00eate ind\u00e9pendante aupr\u00e8s des consommateurs, aussi bien du point de vue de la marque que celui du consommateur.<\/p>\n<p>[\/vc_column_text][vc_empty_space][\/vc_column_inner][vc_column_inner width=&#8221;1\/6&#8243;][\/vc_column_inner][\/vc_row_inner]<\/div><\/div>[\/vc_column][\/vc_row][vc_row][vc_column][vc_empty_space height=&#8221;50px&#8221;][vc_column_text]<\/p>\n<h3 style=\"text-align: center;\"><span style=\"color: #e2003c;\">Comment ?<\/span><\/h3>\n<p>[\/vc_column_text][vc_empty_space][vc_row_inner][vc_column_inner width=&#8221;1\/6&#8243;][\/vc_column_inner][vc_column_inner width=&#8221;2\/3&#8243;][vc_column_text]<\/p>\n<h4><\/h4>\n<p style=\"text-align: justify;\">Les produits pr\u00e9s\u00e9lectionn\u00e9s entreront dans la phase d&#8217;enqu\u00eate aupr\u00e8s des consommateurs &#8211; men\u00e9e par Nielsen sur un panel repr\u00e9sentatif de 2400 consommateurs Marocains.<\/p>\n<p>[\/vc_column_text][vc_column_text]<\/p>\n<h4><\/h4>\n<p style=\"text-align: justify;\">Pour gagner, les questions ciblent trois crit\u00e8res : innovation, attractivit\u00e9 et l&#8217;intention d&#8217;achat:<\/p>\n<div class=\"main-box\">\n<div class=\"box\">\n<div class=\"img-blk\">\n<div class=\"icon-blk\">\n<p><img decoding=\"async\" class=\"card-img-top image\" title=\"INNOVATION \" src=\"\/wp-content\/themes\/scalia\/images\/home\/INNOVATION.jpg\" alt=\"Innovation\" \/><\/p>\n<div class=\"overlay\">\n<div class=\"text\"><img decoding=\"async\" class=\"card-img-top\" title=\"Innovation\" src=\"\/wp-content\/themes\/scalia\/images\/home\/INNOVATION-2.jpg\" alt=\"Innovation\" \/><\/div>\n<\/div>\n<\/div>\n<\/div>\n<h4>INNOVATION<\/h4>\n<\/div>\n<div class=\"box\">\n<div class=\"img-blk\">\n<div class=\"icon-blk\">\n<p><img decoding=\"async\" class=\"card-img-top image\" title=\"ATTRACTIVIT\u00c9\" src=\"\/wp-content\/themes\/scalia\/images\/home\/ATTRACTIVENESS.jpg\" alt=\"ATTRACTIVIT\u00c9\" \/><\/p>\n<div class=\"overlay\">\n<div class=\"text\"><img decoding=\"async\" class=\"card-img-top\" title=\"ATTRACTIVENESS\" src=\"\/wp-content\/themes\/scalia\/images\/home\/ATTRACTIVENESS-2.jpg\" alt=\"ATTRACTIVENESS\" \/><\/div>\n<\/div>\n<\/div>\n<\/div>\n<h4>ATTRACTIVIT\u00c9<\/h4>\n<\/div>\n<div class=\"box\">\n<div class=\"img-blk\">\n<div class=\"icon-blk\">\n<p><img decoding=\"async\" class=\"card-img-top image\" title=\"INTENTION D\u2019ACHAT\" src=\"\/wp-content\/themes\/scalia\/images\/home\/PURCHASE INTENT.jpg\" alt=\"INTENTION D\u2019ACHAT\" \/><\/p>\n<div class=\"overlay\">\n<div class=\"text\"><img decoding=\"async\" class=\"card-img-top\" title=\"INTENTION D\u2019ACHAT\" src=\"\/wp-content\/themes\/scalia\/images\/home\/PURCHASE INTENT-2.jpg\" alt=\"PURCHASE INTENT\" \/><\/div>\n<\/div>\n<\/div>\n<\/div>\n<h4>INTENTION D\u2019ACHAT<\/h4>\n<\/div>\n<\/div>\n<p>En plus de questions suppl\u00e9mentaires pour identifier la sensibilisation au produit, le rappel publicitaire et l\u2019intention d\u2019achat.<\/p>\n<p>La note globale sera bas\u00e9e sur les trois crit\u00e8res principaux o\u00f9 le produit avec la note la plus \u00e9lev\u00e9e sera le gagnant de la cat\u00e9gorie.<\/p>\n<p>Quelle qu\u2019en soit l\u2019issue, un rapport d&#8217;enqu\u00eate avec les notes et les r\u00e9sultats sera partag\u00e9 avec tous les participants de la cat\u00e9gorie.[\/vc_column_text][\/vc_column_inner][vc_column_inner width=&#8221;1\/6&#8243;][\/vc_column_inner][\/vc_row_inner][\/vc_column][\/vc_row][vc_row][vc_column][vc_empty_space height=&#8221;80px&#8221;][\/vc_column][\/vc_row]<\/p>\n<\/div>","protected":false},"excerpt":{"rendered":"<p>[vc_row][vc_column][\/vc_column][\/vc_row][vc_row][vc_column][vc_empty_space height=&#8221;50px&#8221;][vc_column_text] Comment ? [\/vc_column_text][vc_empty_space][vc_row_inner][vc_column_inner width=&#8221;1\/6&#8243;][\/vc_column_inner][vc_column_inner width=&#8221;2\/3&#8243;][vc_column_text] Les produits pr\u00e9s\u00e9lectionn\u00e9s entreront dans la phase d&#8217;enqu\u00eate aupr\u00e8s des consommateurs &#8211; men\u00e9e&#8230;<\/p>\n","protected":false},"author":2,"featured_media":0,"parent":0,"menu_order":0,"comment_status":"closed","ping_status":"closed","template":"","meta":{"_acf_changed":false,"footnotes":""},"class_list":["post-60","page","type-page","status-publish","hentry"],"acf":[],"yoast_head":"<!-- This site is optimized with the Yoast SEO plugin v27.5 - https:\/\/yoast.com\/product\/yoast-seo-wordpress\/ -->\n<title>LA METHODOLOGIE - Morocco - POYMENA<\/title>\n<meta name=\"robots\" content=\"index, follow, max-snippet:-1, max-image-preview:large, max-video-preview:-1\" \/>\n<link rel=\"canonical\" href=\"https:\/\/www.poymena.com\/morocco\/survey-methodology\/\" \/>\n<meta property=\"og:locale\" content=\"en_US\" \/>\n<meta property=\"og:type\" content=\"article\" \/>\n<meta property=\"og:title\" content=\"LA METHODOLOGIE - Morocco - POYMENA\" \/>\n<meta property=\"og:description\" content=\"[vc_row][vc_column][\/vc_column][\/vc_row][vc_row][vc_column][vc_empty_space height=&#8221;50px&#8221;][vc_column_text] Comment ? [\/vc_column_text][vc_empty_space][vc_row_inner][vc_column_inner width=&#8221;1\/6&#8243;][\/vc_column_inner][vc_column_inner width=&#8221;2\/3&#8243;][vc_column_text] Les produits pr\u00e9s\u00e9lectionn\u00e9s entreront dans la phase d&#8217;enqu\u00eate aupr\u00e8s des consommateurs &#8211; men\u00e9e...\" \/>\n<meta property=\"og:url\" content=\"https:\/\/www.poymena.com\/morocco\/survey-methodology\/\" \/>\n<meta property=\"og:site_name\" content=\"Morocco - POYMENA\" \/>\n<meta property=\"article:modified_time\" content=\"2025-02-18T18:12:49+00:00\" \/>\n<meta name=\"twitter:card\" content=\"summary_large_image\" \/>\n<meta name=\"twitter:label1\" content=\"Est. reading time\" \/>\n\t<meta name=\"twitter:data1\" content=\"2 minutes\" \/>\n<script type=\"application\/ld+json\" class=\"yoast-schema-graph\">{\"@context\":\"https:\\\/\\\/schema.org\",\"@graph\":[{\"@type\":\"WebPage\",\"@id\":\"https:\\\/\\\/www.poymena.com\\\/morocco\\\/survey-methodology\\\/\",\"url\":\"https:\\\/\\\/www.poymena.com\\\/morocco\\\/survey-methodology\\\/\",\"name\":\"LA METHODOLOGIE - Morocco - POYMENA\",\"isPartOf\":{\"@id\":\"https:\\\/\\\/www.poymena.com\\\/morocco\\\/#website\"},\"datePublished\":\"2017-06-19T13:39:34+00:00\",\"dateModified\":\"2025-02-18T18:12:49+00:00\",\"breadcrumb\":{\"@id\":\"https:\\\/\\\/www.poymena.com\\\/morocco\\\/survey-methodology\\\/#breadcrumb\"},\"inLanguage\":\"en-US\",\"potentialAction\":[{\"@type\":\"ReadAction\",\"target\":[\"https:\\\/\\\/www.poymena.com\\\/morocco\\\/survey-methodology\\\/\"]}]},{\"@type\":\"BreadcrumbList\",\"@id\":\"https:\\\/\\\/www.poymena.com\\\/morocco\\\/survey-methodology\\\/#breadcrumb\",\"itemListElement\":[{\"@type\":\"ListItem\",\"position\":1,\"name\":\"Home\",\"item\":\"https:\\\/\\\/www.poymena.com\\\/morocco\\\/\"},{\"@type\":\"ListItem\",\"position\":2,\"name\":\"LA METHODOLOGIE\"}]},{\"@type\":\"WebSite\",\"@id\":\"https:\\\/\\\/www.poymena.com\\\/morocco\\\/#website\",\"url\":\"https:\\\/\\\/www.poymena.com\\\/morocco\\\/\",\"name\":\"Morocco - POYMENA\",\"description\":\"\",\"potentialAction\":[{\"@type\":\"SearchAction\",\"target\":{\"@type\":\"EntryPoint\",\"urlTemplate\":\"https:\\\/\\\/www.poymena.com\\\/morocco\\\/?s={search_term_string}\"},\"query-input\":{\"@type\":\"PropertyValueSpecification\",\"valueRequired\":true,\"valueName\":\"search_term_string\"}}],\"inLanguage\":\"en-US\"}]}<\/script>\n<!-- \/ Yoast SEO plugin. -->","yoast_head_json":{"title":"LA METHODOLOGIE - Morocco - POYMENA","robots":{"index":"index","follow":"follow","max-snippet":"max-snippet:-1","max-image-preview":"max-image-preview:large","max-video-preview":"max-video-preview:-1"},"canonical":"https:\/\/www.poymena.com\/morocco\/survey-methodology\/","og_locale":"en_US","og_type":"article","og_title":"LA METHODOLOGIE - Morocco - POYMENA","og_description":"[vc_row][vc_column][\/vc_column][\/vc_row][vc_row][vc_column][vc_empty_space height=&#8221;50px&#8221;][vc_column_text] Comment ? [\/vc_column_text][vc_empty_space][vc_row_inner][vc_column_inner width=&#8221;1\/6&#8243;][\/vc_column_inner][vc_column_inner width=&#8221;2\/3&#8243;][vc_column_text] Les produits pr\u00e9s\u00e9lectionn\u00e9s entreront dans la phase d&#8217;enqu\u00eate aupr\u00e8s des consommateurs &#8211; men\u00e9e...","og_url":"https:\/\/www.poymena.com\/morocco\/survey-methodology\/","og_site_name":"Morocco - POYMENA","article_modified_time":"2025-02-18T18:12:49+00:00","twitter_card":"summary_large_image","twitter_misc":{"Est. reading time":"2 minutes"},"schema":{"@context":"https:\/\/schema.org","@graph":[{"@type":"WebPage","@id":"https:\/\/www.poymena.com\/morocco\/survey-methodology\/","url":"https:\/\/www.poymena.com\/morocco\/survey-methodology\/","name":"LA METHODOLOGIE - Morocco - POYMENA","isPartOf":{"@id":"https:\/\/www.poymena.com\/morocco\/#website"},"datePublished":"2017-06-19T13:39:34+00:00","dateModified":"2025-02-18T18:12:49+00:00","breadcrumb":{"@id":"https:\/\/www.poymena.com\/morocco\/survey-methodology\/#breadcrumb"},"inLanguage":"en-US","potentialAction":[{"@type":"ReadAction","target":["https:\/\/www.poymena.com\/morocco\/survey-methodology\/"]}]},{"@type":"BreadcrumbList","@id":"https:\/\/www.poymena.com\/morocco\/survey-methodology\/#breadcrumb","itemListElement":[{"@type":"ListItem","position":1,"name":"Home","item":"https:\/\/www.poymena.com\/morocco\/"},{"@type":"ListItem","position":2,"name":"LA METHODOLOGIE"}]},{"@type":"WebSite","@id":"https:\/\/www.poymena.com\/morocco\/#website","url":"https:\/\/www.poymena.com\/morocco\/","name":"Morocco - POYMENA","description":"","potentialAction":[{"@type":"SearchAction","target":{"@type":"EntryPoint","urlTemplate":"https:\/\/www.poymena.com\/morocco\/?s={search_term_string}"},"query-input":{"@type":"PropertyValueSpecification","valueRequired":true,"valueName":"search_term_string"}}],"inLanguage":"en-US"}]}},"_links":{"self":[{"href":"https:\/\/www.poymena.com\/morocco\/wp-json\/wp\/v2\/pages\/60","targetHints":{"allow":["GET"]}}],"collection":[{"href":"https:\/\/www.poymena.com\/morocco\/wp-json\/wp\/v2\/pages"}],"about":[{"href":"https:\/\/www.poymena.com\/morocco\/wp-json\/wp\/v2\/types\/page"}],"author":[{"embeddable":true,"href":"https:\/\/www.poymena.com\/morocco\/wp-json\/wp\/v2\/users\/2"}],"replies":[{"embeddable":true,"href":"https:\/\/www.poymena.com\/morocco\/wp-json\/wp\/v2\/comments?post=60"}],"version-history":[{"count":9,"href":"https:\/\/www.poymena.com\/morocco\/wp-json\/wp\/v2\/pages\/60\/revisions"}],"predecessor-version":[{"id":127,"href":"https:\/\/www.poymena.com\/morocco\/wp-json\/wp\/v2\/pages\/60\/revisions\/127"}],"wp:attachment":[{"href":"https:\/\/www.poymena.com\/morocco\/wp-json\/wp\/v2\/media?parent=60"}],"curies":[{"name":"wp","href":"https:\/\/api.w.org\/{rel}","templated":true}]}}