{"id":15,"date":"2017-06-06T11:19:13","date_gmt":"2017-06-06T11:19:13","guid":{"rendered":"https:\/\/www.poymena.com\/tunisia\/?page_id=15"},"modified":"2021-02-03T16:27:06","modified_gmt":"2021-02-03T14:27:06","slug":"home","status":"publish","type":"page","link":"https:\/\/www.poymena.com\/tunisia\/","title":{"rendered":"Home"},"content":{"rendered":"<div class=\"wpb-content-wrapper\"><p>[vc_row][vc_column width=&#8221;1\/6&#8243;][\/vc_column][vc_column width=&#8221;2\/3&#8243;][vc_empty_space height=&#8221;80px&#8221;][vc_row_inner][vc_column_inner width=&#8221;1\/3&#8243;][vc_column_text]<\/p>\n<div class=\"card home-card\">\n<div class=\"icon-blk\">\n<p><a href=\"https:\/\/www.poymena.com\/tunisia\/poy-benefits\/#power-of-poy\" target=\"_blank\" rel=\"noopener noreferrer\"><img decoding=\"async\" class=\"card-img-top image\" title=\"Why Us\" src=\"\/wp-content\/themes\/scalia\/images\/home\/whypoy-3.png\" alt=\"why-us\" \/><\/a><\/p>\n<div class=\"overlay\">\n<div class=\"text\"><a href=\"https:\/\/www.poymena.com\/tunisia\/poy-benefits\/#power-of-poy\" target=\"_blank\" rel=\"noopener noreferrer\"><img decoding=\"async\" class=\"card-img-top\" title=\"Why us\" src=\"\/wp-content\/themes\/scalia\/images\/home\/whypoy-2.jpg\" alt=\"why us\" \/><\/a><\/div>\n<\/div>\n<\/div>\n<div class=\"card-block\">\n<h5><a style=\"color: #384554;\" href=\"https:\/\/www.poymena.com\/tunisia\/poy-benefits\/#power-of-poy\" target=\"_blank\" rel=\"noopener noreferrer\">LA FORCE DE PDA<\/a><\/h5>\n<\/div>\n<\/div>\n<p>[\/vc_column_text][\/vc_column_inner][vc_column_inner width=&#8221;1\/3&#8243;][vc_column_text]<\/p>\n<div class=\"card home-card\">\n<div class=\"icon-blk\">\n<p><a href=\"https:\/\/www.poymena.com\/tunisia\/process\/\" target=\"_blank\" rel=\"noopener noreferrer\"><img decoding=\"async\" class=\"card-img-top image\" title=\"LE PROCESSUS\" src=\"\/wp-content\/themes\/scalia\/images\/home\/howtowin.jpg\" alt=\"How to Win\" \/><\/a><\/p>\n<div class=\"overlay\">\n<div class=\"text\"><a href=\"https:\/\/www.poymena.com\/tunisia\/process\/\" target=\"_blank\" rel=\"noopener noreferrer\"><img decoding=\"async\" class=\"card-img-top\" title=\"LE PROCESSUS\" src=\"\/wp-content\/themes\/scalia\/images\/home\/howtowin-2.jpg\" alt=\"How to Win\" \/><\/a><\/div>\n<\/div>\n<\/div>\n<div class=\"card-block\">\n<h5><a style=\"color: #384554;\" href=\"https:\/\/www.poymena.com\/tunisia\/process\/\" target=\"_blank\" rel=\"noopener noreferrer\">LE PROCESSUS<\/a><\/h5>\n<\/div>\n<\/div>\n<p>[\/vc_column_text][\/vc_column_inner][vc_column_inner width=&#8221;1\/3&#8243;][vc_column_text]<\/p>\n<div class=\"card home-card\">\n<div class=\"icon-blk\">\n<p><a style=\"color: #e2003c;\" href=\"http:\/\/poymena.com\/tunisia\/winners-2017\" target=\"_blank\" rel=\"noopener noreferrer\"><img decoding=\"async\" class=\"card-img-top image\" title=\"LES PRODUITS \u00c9LUS \" src=\"\/wp-content\/themes\/scalia\/images\/home\/winners.jpg\" alt=\"LES PRODUITS \u00c9LUS \" \/><\/a><\/p>\n<div class=\"overlay\">\n<div class=\"text\"><a style=\"color: #e2003c;\" href=\"http:\/\/poymena.com\/tunisia\/winners-2017\" target=\"_blank\" rel=\"noopener noreferrer\"><img decoding=\"async\" class=\"card-img-top\" title=\"LES PRODUITS \u00c9LUS \" src=\"\/wp-content\/themes\/scalia\/images\/home\/winners-2.jpg\" alt=\"LES PRODUITS \u00c9LUS \" \/><\/a><\/div>\n<\/div>\n<\/div>\n<div class=\"card-block\">\n<h5><a style=\"color: #384554;\" href=\"http:\/\/poymena.com\/tunisia\/winners-2017\" target=\"_blank\" rel=\"noopener noreferrer\">LES PRODUITS \u00c9LUS <\/a><\/h5>\n<\/div>\n<\/div>\n<p>[\/vc_column_text][\/vc_column_inner][\/vc_row_inner][\/vc_column][vc_column width=&#8221;1\/6&#8243;][\/vc_column][\/vc_row][vc_row el_id=&#8221;timeline-row&#8221;][vc_column]<div class=\"sc-vimeo sc-wrapbox sc-wrapbox-style-default rounded-corners sc-wrapbox-position-below\" style=\"width: 1170px;height: 600px;\"><div class=\"sc-wrapbox-inner\"><iframe class=\"sc-wrapbox-element img-responsive\" frameborder=\"0\" scrolling=\"no\" marginheight=\"0\" marginwidth=\"0\" src=\"\/\/player.vimeo.com\/video\/460965953?title=0&amp;byline=0&amp;portrait=0\"><\/iframe><\/div><\/div><div class=\"fullwidth-block clearfix\" style=\"background-color: #eeeeee;background-position: center top;padding-top: 50px;padding-left: 90px;padding-right: 90px;\">[vc_empty_space height=&#8221;50px&#8221;][vc_text_separator title=&#8221; POY &#8221; color=&#8221;custom&#8221; accent_color=&#8221;#e2003c&#8221;][vc_row_inner][vc_column_inner width=&#8221;1\/4&#8243;][vc_column_text]<\/p>\n<div class=\"timeline-blk\" style=\"text-align: center;\">\n<p><span class=\"number-blk\"><img decoding=\"async\" title=\"Inscription \u00e0 la comp\u00e9tition\" src=\"\/wp-content\/themes\/scalia\/images\/number-1.png\" alt=\"\" \/><\/span><\/p>\n<div class=\"timeline-box\">\n<h5 style=\"color: #e2003c;\">Inscription \u00e0 la comp\u00e9tition<\/h5>\n<h6><b>Juin &#8211; Octobre\u00a0<\/b><\/h6>\n<p>Ouverture des inscriptions en ligne pour tout produit de consommation ou de service qui r\u00e9pond aux crit\u00e8res de participation: Nouveau et innovant.<\/p>\n<\/div>\n<\/div>\n<p>[\/vc_column_text][\/vc_column_inner][vc_column_inner width=&#8221;1\/4&#8243;][vc_column_text]<\/p>\n<div class=\"timeline-blk\" style=\"text-align: center;\">\n<p><span class=\"number-blk\"><img decoding=\"async\" title=\"Inscription \u00e0 la comp\u00e9tition\" src=\"\/wp-content\/themes\/scalia\/images\/number-2.png\" alt=\"\" \/><\/span><\/p>\n<div class=\"timeline-box\">\n<h5 style=\"color: #e2003c;\">Le Comit\u00e9 D\u2019Experts<\/h5>\n<h6>Novembre<b>\u00a0<\/b><\/h6>\n<p>Tous les produits soumis seront examin\u00e9s et valid\u00e9s par le Comit\u00e9 D&#8217;Experts \u00a0afin de s&#8217;assurer que les crit\u00e8res d&#8217;innovation sont respect\u00e9s.<\/p>\n<\/div>\n<\/div>\n<p>[\/vc_column_text][\/vc_column_inner][vc_column_inner width=&#8221;1\/4&#8243;][vc_column_text]<\/p>\n<div class=\"timeline-blk\" style=\"text-align: center;\">\n<p><span class=\"number-blk\"><img decoding=\"async\" title=\"Le Comit\u00e9 D\u2019Experts\" src=\"\/wp-content\/themes\/scalia\/images\/number-3.png\" alt=\"\" \/><\/span><\/p>\n<div class=\"timeline-box\">\n<h5 style=\"color: #e2003c;\">Enqu\u00eate\/ Vote des Consommateurs<\/h5>\n<h6><b>D\u00e9cembre\u00a0<\/b><\/h6>\n<p>Enqu\u00eate effectu\u00e9e par Institut El Amouri\u00a0sur\u00a0un panel de 1200 consommateurs \u00a0pour d\u00e9terminer les laur\u00e9ats parmi les produits pr\u00e9s\u00e9lectionn\u00e9s.<\/p>\n<\/div>\n<\/div>\n<p>[\/vc_column_text][\/vc_column_inner][vc_column_inner width=&#8221;1\/4&#8243;][vc_column_text]<\/p>\n<div class=\"timeline-blk\" style=\"text-align: center;\">\n<p><span class=\"number-blk\"><img decoding=\"async\" title=\"Enqu\u00eate\/ Vote des Consommateurs \" src=\"\/wp-content\/themes\/scalia\/images\/number-4.png\" alt=\"\" \/><\/span><\/p>\n<div class=\"timeline-box\">\n<h5 style=\"color: #e2003c;\">La C\u00e9r\u00e9monie<\/h5>\n<h6>F\u00e9vrier<\/h6>\n<p>Les laur\u00e9ats sont annonc\u00e9s lors d\u2019une soir\u00e9e de gala avec une importante couverture m\u00e9diatique, et d\u00e9buteront leur campagnes promotionnelles avec le logo PDA.<\/p>\n<\/div>\n<\/div>\n<p>[\/vc_column_text][\/vc_column_inner][\/vc_row_inner][vc_empty_space height=&#8221;50px&#8221;]<\/div>[\/vc_column][\/vc_row][vc_row][vc_column][vc_empty_space height=&#8221;50px&#8221;][\/vc_column][\/vc_row][vc_row][vc_column][vc_text_separator title=&#8221;\u00c9lu produit de L\u2019ann\u00e9e dans le monde&#8221; color=&#8221;custom&#8221; accent_color=&#8221;#e2003c&#8221;]<div class=\"sc-vimeo sc-wrapbox sc-wrapbox-style-default rounded-corners sc-wrapbox-position-below\" style=\"width: 1170px;height: 600px;\"><div class=\"sc-wrapbox-inner\"><iframe class=\"sc-wrapbox-element img-responsive\" frameborder=\"0\" scrolling=\"no\" marginheight=\"0\" marginwidth=\"0\" src=\"\/\/player.vimeo.com\/video\/378540027?title=0&amp;byline=0&amp;portrait=0\"><\/iframe><\/div><\/div>[vc_empty_space][\/vc_column][\/vc_row][vc_row][vc_column][vc_empty_space][\/vc_column][\/vc_row][vc_row][vc_column][vc_column_text el_class=&#8221;tc-slider-section&#8221;] <div class=\"tcls-wrap\"><div id=\"tc-logo\" class=\"owl-carousel owl-theme\"><div class=\"item\"><img decoding=\"async\" src=\"https:\/\/www.poymena.com\/tunisia\/wp-content\/uploads\/2020\/09\/founa.png\" alt=\"\" \/><img decoding=\"async\" src=\"https:\/\/www.poymena.com\/tunisia\/wp-content\/uploads\/2020\/09\/founa.png\" alt=\"\" \/><\/div><div class=\"item\"><img decoding=\"async\" src=\"https:\/\/www.poymena.com\/tunisia\/wp-content\/uploads\/2017\/07\/elamouir-1.png\" alt=\"\" \/><img decoding=\"async\" src=\"https:\/\/www.poymena.com\/tunisia\/wp-content\/uploads\/2017\/07\/elamouir-1.png\" alt=\"\" \/><\/div><div class=\"item\"><img decoding=\"async\" src=\"https:\/\/www.poymena.com\/tunisia\/wp-content\/uploads\/2017\/06\/pikasso-2-1.png\" alt=\"\" \/><img decoding=\"async\" src=\"https:\/\/www.poymena.com\/tunisia\/wp-content\/uploads\/2017\/06\/pikasso-2-1.png\" alt=\"\" \/><\/div><div class=\"item\"><img decoding=\"async\" src=\"https:\/\/www.poymena.com\/tunisia\/wp-content\/uploads\/2017\/06\/logo-2-1.png\" alt=\"\" \/><img decoding=\"async\" src=\"https:\/\/www.poymena.com\/tunisia\/wp-content\/uploads\/2017\/06\/logo-2-1.png\" alt=\"\" \/><\/div><div class=\"item\"><img decoding=\"async\" src=\"https:\/\/www.poymena.com\/tunisia\/wp-content\/uploads\/2017\/06\/logo-4-1.png\" alt=\"\" \/><img decoding=\"async\" src=\"https:\/\/www.poymena.com\/tunisia\/wp-content\/uploads\/2017\/06\/logo-4-1.png\" alt=\"\" \/><\/div><div class=\"item\"><img decoding=\"async\" src=\"https:\/\/www.poymena.com\/tunisia\/wp-content\/uploads\/2017\/06\/logo-5-1.png\" alt=\"\" \/><img decoding=\"async\" src=\"https:\/\/www.poymena.com\/tunisia\/wp-content\/uploads\/2017\/06\/logo-5-1.png\" alt=\"\" \/><\/div><\/div><\/div>\n<p>[\/vc_column_text][\/vc_column][\/vc_row][vc_row][vc_column]<div class=\"fullwidth-block clearfix\" style=\"background-position: center top;\"><\/div>[\/vc_column][\/vc_row]<\/p>\n<\/div>","protected":false},"excerpt":{"rendered":"<p>[vc_row][vc_column width=&#8221;1\/6&#8243;][\/vc_column][vc_column width=&#8221;2\/3&#8243;][vc_empty_space height=&#8221;80px&#8221;][vc_row_inner][vc_column_inner width=&#8221;1\/3&#8243;][vc_column_text] LA FORCE DE PDA [\/vc_column_text][\/vc_column_inner][vc_column_inner width=&#8221;1\/3&#8243;][vc_column_text] LE PROCESSUS [\/vc_column_text][\/vc_column_inner][vc_column_inner width=&#8221;1\/3&#8243;][vc_column_text] LES PRODUITS \u00c9LUS [\/vc_column_text][\/vc_column_inner][\/vc_row_inner][\/vc_column][vc_column width=&#8221;1\/6&#8243;][\/vc_column][\/vc_row][vc_row&#8230;<\/p>\n","protected":false},"author":2,"featured_media":0,"parent":0,"menu_order":0,"comment_status":"closed","ping_status":"closed","template":"","meta":{"_acf_changed":false,"footnotes":""},"class_list":["post-15","page","type-page","status-publish","hentry"],"acf":[],"yoast_head":"<!-- This site is optimized with the Yoast SEO plugin v26.8 - https:\/\/yoast.com\/product\/yoast-seo-wordpress\/ -->\n<title>Home - Tunisia - POYMENA<\/title>\n<meta name=\"robots\" content=\"index, follow, max-snippet:-1, max-image-preview:large, max-video-preview:-1\" \/>\n<link rel=\"canonical\" href=\"https:\/\/www.poymena.com\/tunisia\/\" \/>\n<meta property=\"og:locale\" content=\"en_US\" \/>\n<meta property=\"og:type\" content=\"article\" \/>\n<meta property=\"og:title\" content=\"Home - Tunisia - POYMENA\" \/>\n<meta property=\"og:description\" content=\"[vc_row][vc_column width=&#8221;1\/6&#8243;][\/vc_column][vc_column width=&#8221;2\/3&#8243;][vc_empty_space height=&#8221;80px&#8221;][vc_row_inner][vc_column_inner width=&#8221;1\/3&#8243;][vc_column_text] LA FORCE DE PDA [\/vc_column_text][\/vc_column_inner][vc_column_inner width=&#8221;1\/3&#8243;][vc_column_text] LE PROCESSUS [\/vc_column_text][\/vc_column_inner][vc_column_inner width=&#8221;1\/3&#8243;][vc_column_text] LES PRODUITS \u00c9LUS [\/vc_column_text][\/vc_column_inner][\/vc_row_inner][\/vc_column][vc_column width=&#8221;1\/6&#8243;][\/vc_column][\/vc_row][vc_row...\" \/>\n<meta property=\"og:url\" content=\"https:\/\/www.poymena.com\/tunisia\/\" \/>\n<meta property=\"og:site_name\" content=\"Tunisia - POYMENA\" \/>\n<meta property=\"article:modified_time\" content=\"2021-02-03T14:27:06+00:00\" \/>\n<meta name=\"twitter:card\" content=\"summary_large_image\" \/>\n<meta name=\"twitter:label1\" content=\"Est. reading time\" \/>\n\t<meta name=\"twitter:data1\" content=\"2 minutes\" \/>\n<script type=\"application\/ld+json\" class=\"yoast-schema-graph\">{\"@context\":\"https:\/\/schema.org\",\"@graph\":[{\"@type\":\"WebPage\",\"@id\":\"https:\/\/www.poymena.com\/tunisia\/\",\"url\":\"https:\/\/www.poymena.com\/tunisia\/\",\"name\":\"Home - Tunisia - POYMENA\",\"isPartOf\":{\"@id\":\"https:\/\/www.poymena.com\/tunisia\/#website\"},\"datePublished\":\"2017-06-06T11:19:13+00:00\",\"dateModified\":\"2021-02-03T14:27:06+00:00\",\"breadcrumb\":{\"@id\":\"https:\/\/www.poymena.com\/tunisia\/#breadcrumb\"},\"inLanguage\":\"en-US\",\"potentialAction\":[{\"@type\":\"ReadAction\",\"target\":[\"https:\/\/www.poymena.com\/tunisia\/\"]}]},{\"@type\":\"BreadcrumbList\",\"@id\":\"https:\/\/www.poymena.com\/tunisia\/#breadcrumb\",\"itemListElement\":[{\"@type\":\"ListItem\",\"position\":1,\"name\":\"Home\",\"item\":\"https:\/\/www.poymena.com\/tunisia\/\"},{\"@type\":\"ListItem\",\"position\":2,\"name\":\"Home\"}]},{\"@type\":\"WebSite\",\"@id\":\"https:\/\/www.poymena.com\/tunisia\/#website\",\"url\":\"https:\/\/www.poymena.com\/tunisia\/\",\"name\":\"Tunisia - POYMENA\",\"description\":\"\",\"potentialAction\":[{\"@type\":\"SearchAction\",\"target\":{\"@type\":\"EntryPoint\",\"urlTemplate\":\"https:\/\/www.poymena.com\/tunisia\/?s={search_term_string}\"},\"query-input\":{\"@type\":\"PropertyValueSpecification\",\"valueRequired\":true,\"valueName\":\"search_term_string\"}}],\"inLanguage\":\"en-US\"}]}<\/script>\n<!-- \/ Yoast SEO plugin. -->","yoast_head_json":{"title":"Home - Tunisia - POYMENA","robots":{"index":"index","follow":"follow","max-snippet":"max-snippet:-1","max-image-preview":"max-image-preview:large","max-video-preview":"max-video-preview:-1"},"canonical":"https:\/\/www.poymena.com\/tunisia\/","og_locale":"en_US","og_type":"article","og_title":"Home - Tunisia - POYMENA","og_description":"[vc_row][vc_column width=&#8221;1\/6&#8243;][\/vc_column][vc_column width=&#8221;2\/3&#8243;][vc_empty_space height=&#8221;80px&#8221;][vc_row_inner][vc_column_inner width=&#8221;1\/3&#8243;][vc_column_text] LA FORCE DE PDA [\/vc_column_text][\/vc_column_inner][vc_column_inner width=&#8221;1\/3&#8243;][vc_column_text] LE PROCESSUS [\/vc_column_text][\/vc_column_inner][vc_column_inner width=&#8221;1\/3&#8243;][vc_column_text] LES PRODUITS \u00c9LUS [\/vc_column_text][\/vc_column_inner][\/vc_row_inner][\/vc_column][vc_column width=&#8221;1\/6&#8243;][\/vc_column][\/vc_row][vc_row...","og_url":"https:\/\/www.poymena.com\/tunisia\/","og_site_name":"Tunisia - POYMENA","article_modified_time":"2021-02-03T14:27:06+00:00","twitter_card":"summary_large_image","twitter_misc":{"Est. reading time":"2 minutes"},"schema":{"@context":"https:\/\/schema.org","@graph":[{"@type":"WebPage","@id":"https:\/\/www.poymena.com\/tunisia\/","url":"https:\/\/www.poymena.com\/tunisia\/","name":"Home - Tunisia - POYMENA","isPartOf":{"@id":"https:\/\/www.poymena.com\/tunisia\/#website"},"datePublished":"2017-06-06T11:19:13+00:00","dateModified":"2021-02-03T14:27:06+00:00","breadcrumb":{"@id":"https:\/\/www.poymena.com\/tunisia\/#breadcrumb"},"inLanguage":"en-US","potentialAction":[{"@type":"ReadAction","target":["https:\/\/www.poymena.com\/tunisia\/"]}]},{"@type":"BreadcrumbList","@id":"https:\/\/www.poymena.com\/tunisia\/#breadcrumb","itemListElement":[{"@type":"ListItem","position":1,"name":"Home","item":"https:\/\/www.poymena.com\/tunisia\/"},{"@type":"ListItem","position":2,"name":"Home"}]},{"@type":"WebSite","@id":"https:\/\/www.poymena.com\/tunisia\/#website","url":"https:\/\/www.poymena.com\/tunisia\/","name":"Tunisia - POYMENA","description":"","potentialAction":[{"@type":"SearchAction","target":{"@type":"EntryPoint","urlTemplate":"https:\/\/www.poymena.com\/tunisia\/?s={search_term_string}"},"query-input":{"@type":"PropertyValueSpecification","valueRequired":true,"valueName":"search_term_string"}}],"inLanguage":"en-US"}]}},"_links":{"self":[{"href":"https:\/\/www.poymena.com\/tunisia\/wp-json\/wp\/v2\/pages\/15","targetHints":{"allow":["GET"]}}],"collection":[{"href":"https:\/\/www.poymena.com\/tunisia\/wp-json\/wp\/v2\/pages"}],"about":[{"href":"https:\/\/www.poymena.com\/tunisia\/wp-json\/wp\/v2\/types\/page"}],"author":[{"embeddable":true,"href":"https:\/\/www.poymena.com\/tunisia\/wp-json\/wp\/v2\/users\/2"}],"replies":[{"embeddable":true,"href":"https:\/\/www.poymena.com\/tunisia\/wp-json\/wp\/v2\/comments?post=15"}],"version-history":[{"count":36,"href":"https:\/\/www.poymena.com\/tunisia\/wp-json\/wp\/v2\/pages\/15\/revisions"}],"predecessor-version":[{"id":6495,"href":"https:\/\/www.poymena.com\/tunisia\/wp-json\/wp\/v2\/pages\/15\/revisions\/6495"}],"wp:attachment":[{"href":"https:\/\/www.poymena.com\/tunisia\/wp-json\/wp\/v2\/media?parent=15"}],"curies":[{"name":"wp","href":"https:\/\/api.w.org\/{rel}","templated":true}]}}