{"id":51,"date":"2017-06-07T09:55:09","date_gmt":"2017-06-07T09:55:09","guid":{"rendered":"https:\/\/www.poymena.com\/tunisia\/?page_id=51"},"modified":"2019-05-09T08:14:27","modified_gmt":"2019-05-09T06:14:27","slug":"process","status":"publish","type":"page","link":"https:\/\/www.poymena.com\/tunisia\/process\/","title":{"rendered":"LE PROCESSUS"},"content":{"rendered":"<div class=\"wpb-content-wrapper\"><p>[vc_row][vc_column width=&#8221;1\/6&#8243;][\/vc_column][vc_column width=&#8221;2\/3&#8243; el_class=&#8221;center-block&#8221;][vc_empty_space height=&#8221;90px&#8221;][vc_row_inner][vc_column_inner][vc_column_text]<\/p>\n<h4 style=\"text-align: center;\"><span style=\"color: #e2003c;\">QUI PARTICIPE?<\/span><\/h4>\n<p>[\/vc_column_text][\/vc_column_inner][\/vc_row_inner][vc_row_inner el_class=&#8221;tick-row&#8221;][vc_column_inner el_class=&#8221;bullet-row&#8221; width=&#8221;1\/6&#8243;][vc_icon icon_fontawesome=&#8221;fa fa-plus-circle&#8221; color=&#8221;custom&#8221; custom_color=&#8221;#e2003c&#8221;][\/vc_column_inner][vc_column_inner width=&#8221;5\/6&#8243;][vc_column_text]<\/p>\n<p style=\"text-align: justify;\">\u00c9lu Produit de l&#8217;ann\u00e9e accepte les participations de tout produit innovant dans les secteurs de:<\/p>\n<ul>\n<li style=\"text-align: justify;\">Service<\/li>\n<li style=\"text-align: justify;\">Grande consommation\u00a0alimentaire<\/li>\n<li style=\"text-align: justify;\">Beaut\u00e9 &amp; Cosm\u00e9tique<\/li>\n<li style=\"text-align: justify;\">Electrom\u00e9nager<\/li>\n<li style=\"text-align: justify;\">Parapharmaceutique ou Pharmaceutique<\/li>\n<li style=\"text-align: justify;\">DIY- Do It Yourelf<\/li>\n<\/ul>\n<p>[\/vc_column_text][\/vc_column_inner][\/vc_row_inner][vc_row_inner el_class=&#8221;tick-row&#8221;][vc_column_inner el_class=&#8221;bullet-row&#8221; width=&#8221;1\/6&#8243;][vc_icon icon_fontawesome=&#8221;fa fa-plus-circle&#8221; color=&#8221;custom&#8221; custom_color=&#8221;#e2003c&#8221;][\/vc_column_inner][vc_column_inner width=&#8221;5\/6&#8243;][vc_column_text]<\/p>\n<p style=\"text-align: justify;\">Le produit doit \u00eatre d\u00e9j\u00e0 pr\u00e9sent sur le march\u00e9, cependant, la date du lancement ne d\u00e9passant pas les 36 mois.<\/p>\n<p>[\/vc_column_text][\/vc_column_inner][\/vc_row_inner][vc_row_inner el_class=&#8221;tick-row&#8221;][vc_column_inner el_class=&#8221;bullet-row&#8221; width=&#8221;1\/6&#8243;][vc_icon icon_fontawesome=&#8221;fa fa-plus-circle&#8221; color=&#8221;custom&#8221; custom_color=&#8221;#e2003c&#8221;][\/vc_column_inner][vc_column_inner width=&#8221;5\/6&#8243;][vc_column_text]<\/p>\n<p style=\"text-align: justify;\">Le produit soumis doit faire preuve d&#8217;innovation dans un ou plusieurs domaines, sa conception, sa formule, sa fonction, son utilit\u00e9, son emballage\u2026<\/p>\n<p>[\/vc_column_text][\/vc_column_inner][\/vc_row_inner][\/vc_column][vc_column width=&#8221;1\/6&#8243;][\/vc_column][\/vc_row][vc_row][vc_column][vc_empty_space][\/vc_column][\/vc_row][vc_row][vc_column width=&#8221;1\/6&#8243;][\/vc_column][vc_column width=&#8221;2\/3&#8243;][vc_text_separator title=&#8221;Les 4 \u00c9tapes de S\u00e9lection&#8221; color=&#8221;custom&#8221; accent_color=&#8221;#e2003c&#8221;][vc_empty_space]<div class=\"sc-dropcap sc-dropcap-shape-square sc-dropcap-style-big\"><span class=\"sc-dropcap-letter\" style=\"color: #e2003c;border: 2px solid #e2003c;\">1<\/span><\/div>[vc_column_text]<\/p>\n<h4 class=\"icon-head\" style=\"color: #e2003c;\"><b>Inscription \u00e0 la comp\u00e9tition<\/b><\/h4>\n<ul>\n<li>Inscription GRATUITE!<\/li>\n<li>Si le produit choisi correspond aux crit\u00e8res requis, il sera alors \u00e9ligible et pourra faire partie de la comp\u00e9tition<\/li>\n<li>Enregistrez votre produit en remplissant le formulaire d&#8217;inscription\u00a0sur notre site.<\/li>\n<\/ul>\n<p><!--more-->[\/vc_column_text]<div class=\"sc-dropcap sc-dropcap-shape-square sc-dropcap-style-big\"><span class=\"sc-dropcap-letter\" style=\"color: #e2003c;border: 2px solid #e2003c;\">2<\/span><\/div>[vc_column_text]<\/p>\n<h4 class=\"icon-head\" style=\"color: #e2003c;\"><b>Le Comit\u00e9 D\u2019Experts<\/b><\/h4>\n<ul>\n<li>Une fois enregistr\u00e9s, les produits seront analys\u00e9s par le Comit\u00e9 D\u2019Experts qui jugera de la validit\u00e9 des candidatures et de la pertinence des innovations.<\/li>\n<li>Le comit\u00e9 est constitu\u00e9 de syndicats et d\u2019organisations professionnelles ainsi que d\u2019associations dans le domaine du commerce, du marketing et de la communication.<\/li>\n<li><span lang=\"FR\">Si le produit est s\u00e9lectionn\u00e9 par le Comit\u00e9, des frais d&#8217;enqu\u00eate seront appliqu\u00e9s \u00a0permettant au\u00a0produit de poursuivre son parcours dans la comp\u00e9tition.<\/span><\/li>\n<\/ul>\n<p>[\/vc_column_text]<div class=\"sc-dropcap sc-dropcap-shape-square sc-dropcap-style-big\"><span class=\"sc-dropcap-letter\" style=\"color: #e2003c;border: 2px solid #e2003c;\">3<\/span><\/div>[vc_column_text]<\/p>\n<h4 class=\"icon-head\" style=\"color: #e2003c;\"><b>Enqu\u00eate\/ Vote des consommateurs<\/b><\/h4>\n<ul>\n<li>Les produits s\u00e9lectionn\u00e9s par le comit\u00e9\u00a0seront pr\u00e9sent\u00e9s \u00e0 notre partenaire local Institut Al Amouri, sp\u00e9cialis\u00e9 dans les \u00e9tudes de terrain, pour \u00eatre soumis \u00e0 une \u00e9valuation publique \u00e0 travers une enqu\u00eate nationale constitu\u00e9e d\u2019un panel repr\u00e9sentatif de consommateurs.<\/li>\n<li>L\u2019objectif principal de cette enqu\u00eate est d\u2019\u00e9valuer ces produits s\u00e9lectionn\u00e9s \u00e0 travers la plus large \u00e9tude nationale et d\u2019identifier les gagnants selon 3 crit\u00e8res de base:<b> l\u2019innovation, l\u2019attractivit\u00e9<\/b> et\u00a0<b>l&#8217;intention d&#8217;achat.<\/b><\/li>\n<li>Tout gagnant et participant aura acc\u00e8s aux r\u00e9sultats de l\u2019enqu\u00eate dans sa cat\u00e9gorie.<\/li>\n<\/ul>\n<p>[\/vc_column_text]<div class=\"sc-dropcap sc-dropcap-shape-square sc-dropcap-style-big\"><span class=\"sc-dropcap-letter\" style=\"color: #e2003c;border: 2px solid #e2003c;\">4<\/span><\/div>[vc_column_text]<\/p>\n<h4 class=\"icon-head\" style=\"color: #e2003c;\"><b>La C\u00e9r\u00e9monie<\/b><\/h4>\n<ul>\n<li>Le produit ayant obtenu le plus haut score dans sa cat\u00e9gorie remporte le label \u00ab \u00c9lu Produit De l\u2019Ann\u00e9e \u00bb.<\/li>\n<li>Une licence d\u2019une ann\u00e9e sera accord\u00e9e \u00e0 tous les produits gagnant afin d\u2019utiliser le label dans l\u2019ensemble de leur communication.<\/li>\n<li>Tous les gagnants ainsi que des invit\u00e9s de marque seront invit\u00e9s \u00e0 la c\u00e9r\u00e9monie annuelle \u00a0\u00ab d\u2019\u00c9lu Produit De l\u2019Ann\u00e9e\u00bb pour d\u00e9couvrir les produits gagnants dans chacune des cat\u00e9gories de l\u2019\u00e9dition.<\/li>\n<li>Une fois les r\u00e9sultats r\u00e9v\u00e9l\u00e9s, les gagnants pourront commencer leurs activit\u00e9s de communication avec le logo PDA pendant une p\u00e9riode d\u2019un an, \u00e0 partir du jour de la c\u00e9r\u00e9monie!<\/li>\n<li>Les produits gagnants devront s\u2019acquitter des frais de licence pour l&#8217;utilisation du Logo PDA pendant un an sur tout leur mat\u00e9riel de communications.<\/li>\n<\/ul>\n<p>[\/vc_column_text][\/vc_column][vc_column width=&#8221;1\/6&#8243;][\/vc_column][\/vc_row][vc_row][vc_column][vc_empty_space height=&#8221;50px&#8221;][vc_column_text]<\/p>\n<div class=\"btn-sec\"><a href=\"https:\/\/www.poymena.com\/tunisia\/terms-and-conditions.pdf\" target=\"_blank\" rel=\"noopener noreferrer\"><button class=\"btn rose-btn\" style=\"text-transform: capitalize; font-size: 20px;\">R\u00e8gles\u00a0et Conditions <\/button><\/a><\/div>\n<p>[\/vc_column_text][vc_empty_space height=&#8221;80px&#8221;][\/vc_column][\/vc_row]<\/p>\n<\/div>","protected":false},"excerpt":{"rendered":"<p>[vc_row][vc_column width=&#8221;1\/6&#8243;][\/vc_column][vc_column width=&#8221;2\/3&#8243; el_class=&#8221;center-block&#8221;][vc_empty_space height=&#8221;90px&#8221;][vc_row_inner][vc_column_inner][vc_column_text] QUI PARTICIPE? [\/vc_column_text][\/vc_column_inner][\/vc_row_inner][vc_row_inner el_class=&#8221;tick-row&#8221;][vc_column_inner el_class=&#8221;bullet-row&#8221; width=&#8221;1\/6&#8243;][vc_icon icon_fontawesome=&#8221;fa fa-plus-circle&#8221; color=&#8221;custom&#8221; custom_color=&#8221;#e2003c&#8221;][\/vc_column_inner][vc_column_inner width=&#8221;5\/6&#8243;][vc_column_text] \u00c9lu Produit de l&#8217;ann\u00e9e&#8230;<\/p>\n","protected":false},"author":2,"featured_media":0,"parent":0,"menu_order":0,"comment_status":"closed","ping_status":"closed","template":"","meta":{"_acf_changed":false,"footnotes":""},"class_list":["post-51","page","type-page","status-publish","hentry"],"acf":[],"yoast_head":"<!-- This site is optimized with the Yoast SEO plugin v26.8 - https:\/\/yoast.com\/product\/yoast-seo-wordpress\/ -->\n<title>LE PROCESSUS - Tunisia - POYMENA<\/title>\n<meta name=\"robots\" content=\"index, follow, max-snippet:-1, max-image-preview:large, max-video-preview:-1\" \/>\n<link rel=\"canonical\" href=\"https:\/\/www.poymena.com\/tunisia\/process\/\" \/>\n<meta property=\"og:locale\" content=\"en_US\" \/>\n<meta property=\"og:type\" content=\"article\" \/>\n<meta property=\"og:title\" content=\"LE PROCESSUS - Tunisia - POYMENA\" \/>\n<meta property=\"og:description\" content=\"[vc_row][vc_column width=&#8221;1\/6&#8243;][\/vc_column][vc_column width=&#8221;2\/3&#8243; el_class=&#8221;center-block&#8221;][vc_empty_space height=&#8221;90px&#8221;][vc_row_inner][vc_column_inner][vc_column_text] QUI PARTICIPE? [\/vc_column_text][\/vc_column_inner][\/vc_row_inner][vc_row_inner el_class=&#8221;tick-row&#8221;][vc_column_inner el_class=&#8221;bullet-row&#8221; width=&#8221;1\/6&#8243;][vc_icon icon_fontawesome=&#8221;fa fa-plus-circle&#8221; color=&#8221;custom&#8221; custom_color=&#8221;#e2003c&#8221;][\/vc_column_inner][vc_column_inner width=&#8221;5\/6&#8243;][vc_column_text] \u00c9lu Produit de l&#8217;ann\u00e9e...\" \/>\n<meta property=\"og:url\" content=\"https:\/\/www.poymena.com\/tunisia\/process\/\" \/>\n<meta property=\"og:site_name\" content=\"Tunisia - POYMENA\" \/>\n<meta property=\"article:modified_time\" content=\"2019-05-09T06:14:27+00:00\" \/>\n<meta name=\"twitter:card\" content=\"summary_large_image\" \/>\n<meta name=\"twitter:label1\" content=\"Est. reading time\" \/>\n\t<meta name=\"twitter:data1\" content=\"4 minutes\" \/>\n<script type=\"application\/ld+json\" class=\"yoast-schema-graph\">{\"@context\":\"https:\/\/schema.org\",\"@graph\":[{\"@type\":\"WebPage\",\"@id\":\"https:\/\/www.poymena.com\/tunisia\/process\/\",\"url\":\"https:\/\/www.poymena.com\/tunisia\/process\/\",\"name\":\"LE PROCESSUS - Tunisia - POYMENA\",\"isPartOf\":{\"@id\":\"https:\/\/www.poymena.com\/tunisia\/#website\"},\"datePublished\":\"2017-06-07T09:55:09+00:00\",\"dateModified\":\"2019-05-09T06:14:27+00:00\",\"breadcrumb\":{\"@id\":\"https:\/\/www.poymena.com\/tunisia\/process\/#breadcrumb\"},\"inLanguage\":\"en-US\",\"potentialAction\":[{\"@type\":\"ReadAction\",\"target\":[\"https:\/\/www.poymena.com\/tunisia\/process\/\"]}]},{\"@type\":\"BreadcrumbList\",\"@id\":\"https:\/\/www.poymena.com\/tunisia\/process\/#breadcrumb\",\"itemListElement\":[{\"@type\":\"ListItem\",\"position\":1,\"name\":\"Home\",\"item\":\"https:\/\/www.poymena.com\/tunisia\/\"},{\"@type\":\"ListItem\",\"position\":2,\"name\":\"LE PROCESSUS\"}]},{\"@type\":\"WebSite\",\"@id\":\"https:\/\/www.poymena.com\/tunisia\/#website\",\"url\":\"https:\/\/www.poymena.com\/tunisia\/\",\"name\":\"Tunisia - POYMENA\",\"description\":\"\",\"potentialAction\":[{\"@type\":\"SearchAction\",\"target\":{\"@type\":\"EntryPoint\",\"urlTemplate\":\"https:\/\/www.poymena.com\/tunisia\/?s={search_term_string}\"},\"query-input\":{\"@type\":\"PropertyValueSpecification\",\"valueRequired\":true,\"valueName\":\"search_term_string\"}}],\"inLanguage\":\"en-US\"}]}<\/script>\n<!-- \/ Yoast SEO plugin. -->","yoast_head_json":{"title":"LE PROCESSUS - Tunisia - POYMENA","robots":{"index":"index","follow":"follow","max-snippet":"max-snippet:-1","max-image-preview":"max-image-preview:large","max-video-preview":"max-video-preview:-1"},"canonical":"https:\/\/www.poymena.com\/tunisia\/process\/","og_locale":"en_US","og_type":"article","og_title":"LE PROCESSUS - Tunisia - POYMENA","og_description":"[vc_row][vc_column width=&#8221;1\/6&#8243;][\/vc_column][vc_column width=&#8221;2\/3&#8243; el_class=&#8221;center-block&#8221;][vc_empty_space height=&#8221;90px&#8221;][vc_row_inner][vc_column_inner][vc_column_text] QUI PARTICIPE? [\/vc_column_text][\/vc_column_inner][\/vc_row_inner][vc_row_inner el_class=&#8221;tick-row&#8221;][vc_column_inner el_class=&#8221;bullet-row&#8221; width=&#8221;1\/6&#8243;][vc_icon icon_fontawesome=&#8221;fa fa-plus-circle&#8221; color=&#8221;custom&#8221; custom_color=&#8221;#e2003c&#8221;][\/vc_column_inner][vc_column_inner width=&#8221;5\/6&#8243;][vc_column_text] \u00c9lu Produit de l&#8217;ann\u00e9e...","og_url":"https:\/\/www.poymena.com\/tunisia\/process\/","og_site_name":"Tunisia - POYMENA","article_modified_time":"2019-05-09T06:14:27+00:00","twitter_card":"summary_large_image","twitter_misc":{"Est. reading time":"4 minutes"},"schema":{"@context":"https:\/\/schema.org","@graph":[{"@type":"WebPage","@id":"https:\/\/www.poymena.com\/tunisia\/process\/","url":"https:\/\/www.poymena.com\/tunisia\/process\/","name":"LE PROCESSUS - Tunisia - POYMENA","isPartOf":{"@id":"https:\/\/www.poymena.com\/tunisia\/#website"},"datePublished":"2017-06-07T09:55:09+00:00","dateModified":"2019-05-09T06:14:27+00:00","breadcrumb":{"@id":"https:\/\/www.poymena.com\/tunisia\/process\/#breadcrumb"},"inLanguage":"en-US","potentialAction":[{"@type":"ReadAction","target":["https:\/\/www.poymena.com\/tunisia\/process\/"]}]},{"@type":"BreadcrumbList","@id":"https:\/\/www.poymena.com\/tunisia\/process\/#breadcrumb","itemListElement":[{"@type":"ListItem","position":1,"name":"Home","item":"https:\/\/www.poymena.com\/tunisia\/"},{"@type":"ListItem","position":2,"name":"LE PROCESSUS"}]},{"@type":"WebSite","@id":"https:\/\/www.poymena.com\/tunisia\/#website","url":"https:\/\/www.poymena.com\/tunisia\/","name":"Tunisia - POYMENA","description":"","potentialAction":[{"@type":"SearchAction","target":{"@type":"EntryPoint","urlTemplate":"https:\/\/www.poymena.com\/tunisia\/?s={search_term_string}"},"query-input":{"@type":"PropertyValueSpecification","valueRequired":true,"valueName":"search_term_string"}}],"inLanguage":"en-US"}]}},"_links":{"self":[{"href":"https:\/\/www.poymena.com\/tunisia\/wp-json\/wp\/v2\/pages\/51","targetHints":{"allow":["GET"]}}],"collection":[{"href":"https:\/\/www.poymena.com\/tunisia\/wp-json\/wp\/v2\/pages"}],"about":[{"href":"https:\/\/www.poymena.com\/tunisia\/wp-json\/wp\/v2\/types\/page"}],"author":[{"embeddable":true,"href":"https:\/\/www.poymena.com\/tunisia\/wp-json\/wp\/v2\/users\/2"}],"replies":[{"embeddable":true,"href":"https:\/\/www.poymena.com\/tunisia\/wp-json\/wp\/v2\/comments?post=51"}],"version-history":[{"count":24,"href":"https:\/\/www.poymena.com\/tunisia\/wp-json\/wp\/v2\/pages\/51\/revisions"}],"predecessor-version":[{"id":652,"href":"https:\/\/www.poymena.com\/tunisia\/wp-json\/wp\/v2\/pages\/51\/revisions\/652"}],"wp:attachment":[{"href":"https:\/\/www.poymena.com\/tunisia\/wp-json\/wp\/v2\/media?parent=51"}],"curies":[{"name":"wp","href":"https:\/\/api.w.org\/{rel}","templated":true}]}}