{"id":6466,"date":"2020-09-25T12:14:43","date_gmt":"2020-09-25T10:14:43","guid":{"rendered":"https:\/\/www.poymena.com\/tunisia\/?page_id=6466"},"modified":"2020-09-25T12:42:32","modified_gmt":"2020-09-25T10:42:32","slug":"brochure","status":"publish","type":"page","link":"https:\/\/www.poymena.com\/tunisia\/brochure\/","title":{"rendered":"BROCHURE"},"content":{"rendered":"<div class=\"wpb-content-wrapper\"><p>[vc_row][vc_column][vc_empty_space height=&#8221;50px&#8221;][\/vc_column][\/vc_row][vc_row content_placement=&#8221;middle&#8221;][vc_column width=&#8221;1\/6&#8243;][\/vc_column][vc_column width=&#8221;2\/3&#8243;][vc_empty_space height=&#8221;30px&#8221;][vc_column_text]<img loading=\"lazy\" decoding=\"async\" class=\"size-medium aligncenter\" src=\"https:\/\/2ottnj1ijz4j2qdiwjnv8rr7-wpengine.netdna-ssl.com\/wp-content\/uploads\/2020\/06\/POYF-Banner-brochure-Juin-2020_HR-500x375.png\" width=\"500\" height=\"375\" \/>[\/vc_column_text][vc_empty_space height=&#8221;40px&#8221;]\n<div class=\"wpcf7 no-js\" id=\"wpcf7-f6465-o1\" lang=\"en-US\" dir=\"ltr\" data-wpcf7-id=\"6465\">\n<div class=\"screen-reader-response\"><p role=\"status\" aria-live=\"polite\" aria-atomic=\"true\"><\/p> <ul><\/ul><\/div>\n<form action=\"\/tunisia\/wp-json\/wp\/v2\/pages\/6466#wpcf7-f6465-o1\" method=\"post\" class=\"wpcf7-form init\" aria-label=\"Contact form\" novalidate=\"novalidate\" data-status=\"init\">\n<fieldset class=\"hidden-fields-container\"><input type=\"hidden\" name=\"_wpcf7\" value=\"6465\" \/><input type=\"hidden\" name=\"_wpcf7_version\" value=\"6.1.5\" \/><input type=\"hidden\" name=\"_wpcf7_locale\" value=\"en_US\" \/><input type=\"hidden\" name=\"_wpcf7_unit_tag\" value=\"wpcf7-f6465-o1\" \/><input type=\"hidden\" name=\"_wpcf7_container_post\" value=\"0\" \/><input type=\"hidden\" name=\"_wpcf7_posted_data_hash\" value=\"\" \/>\n<\/fieldset>\n<table  class=\"style-2\" >\n\t<tr>\n\t\t<td>\n\t\t\t<p>E-mail (*)\n\t\t\t<\/p>\n\t\t\t<p><span class=\"wpcf7-form-control-wrap\" data-name=\"your-email\"><input size=\"40\" maxlength=\"400\" class=\"wpcf7-form-control wpcf7-email wpcf7-validates-as-required wpcf7-text wpcf7-validates-as-email\" aria-required=\"true\" aria-invalid=\"false\" value=\"\" type=\"email\" name=\"your-email\" \/><\/span>\n\t\t\t<\/p>\n\t\t<\/td>\n\t\t<td>\n\t\t\t<p>Soci\u00e9t\u00e9 (*)\n\t\t\t<\/p>\n\t\t\t<p><span class=\"wpcf7-form-control-wrap\" data-name=\"your-subject\"><input size=\"40\" maxlength=\"400\" class=\"wpcf7-form-control wpcf7-text\" aria-invalid=\"false\" value=\"\" type=\"text\" name=\"your-subject\" \/><\/span>\n\t\t\t<\/p>\n\t\t<\/td>\n\t<\/tr>\n<\/table>\n<table style=\"width: 100%;\" class=\"style-1\" >\n\t<tr>\n\t\t<td>\n\t\t\t<p><span class=\"wpcf7-form-control-wrap\" data-name=\"checkbox-358\"><span class=\"wpcf7-form-control wpcf7-checkbox\"><span class=\"wpcf7-list-item first last\"><input type=\"checkbox\" name=\"checkbox-358[]\" value=\"En cochant cette case, vous consentez \u00e0 ce que vos donn\u00e9es personnelles ci-dessus soient utilis\u00e9es dans le cadre de la relation commerciale de POY OPERATIONS en accord avec sa politique de protection des donn\u00e9es.\" \/><span class=\"wpcf7-list-item-label\">En cochant cette case, vous consentez \u00e0 ce que vos donn\u00e9es personnelles ci-dessus soient utilis\u00e9es dans le cadre de la relation commerciale de POY OPERATIONS en accord avec sa politique de protection des donn\u00e9es.<\/span><\/span><\/span><\/span>\n\t\t\t<\/p>\n\t\t<\/td>\n\t<\/tr>\n<\/table>\n<p><input class=\"wpcf7-form-control wpcf7-submit has-spinner\" type=\"submit\" value=\"ENVOYEZ-MOI LA BROCHURE\" \/>\n<\/p>\n<style>\n.wpcf7-form p {\ntext-align: center;\n}\n.wpcf7-form textarea {\nwidth: 100%;\nheight: 150px;\n}\ntd {\n padding: 0 12px;\n}\n<\/style><div class=\"wpcf7-response-output\" aria-hidden=\"true\"><\/div>\n<\/form>\n<\/div>\n[\/vc_column][vc_column width=&#8221;1\/6&#8243;][\/vc_column][\/vc_row][vc_row][vc_column][\/vc_column][\/vc_row]<\/p>\n<\/div>","protected":false},"excerpt":{"rendered":"<p>[vc_row][vc_column][vc_empty_space height=&#8221;50px&#8221;][\/vc_column][\/vc_row][vc_row content_placement=&#8221;middle&#8221;][vc_column width=&#8221;1\/6&#8243;][\/vc_column][vc_column width=&#8221;2\/3&#8243;][vc_empty_space height=&#8221;30px&#8221;][vc_column_text][\/vc_column_text][vc_empty_space height=&#8221;40px&#8221;][\/vc_column][vc_column width=&#8221;1\/6&#8243;][\/vc_column][\/vc_row][vc_row][vc_column][\/vc_column][\/vc_row]<\/p>\n","protected":false},"author":2,"featured_media":0,"parent":0,"menu_order":0,"comment_status":"closed","ping_status":"closed","template":"","meta":{"_acf_changed":false,"footnotes":""},"class_list":["post-6466","page","type-page","status-publish","hentry"],"acf":[],"yoast_head":"<!-- This site is optimized with the Yoast SEO plugin v26.8 - https:\/\/yoast.com\/product\/yoast-seo-wordpress\/ -->\n<title>BROCHURE - Tunisia - POYMENA<\/title>\n<meta name=\"robots\" content=\"index, follow, max-snippet:-1, max-image-preview:large, max-video-preview:-1\" \/>\n<link rel=\"canonical\" href=\"https:\/\/www.poymena.com\/tunisia\/brochure\/\" \/>\n<meta property=\"og:locale\" content=\"en_US\" \/>\n<meta property=\"og:type\" content=\"article\" \/>\n<meta property=\"og:title\" content=\"BROCHURE - Tunisia - POYMENA\" \/>\n<meta property=\"og:description\" content=\"[vc_row][vc_column][vc_empty_space height=&#8221;50px&#8221;][\/vc_column][\/vc_row][vc_row content_placement=&#8221;middle&#8221;][vc_column width=&#8221;1\/6&#8243;][\/vc_column][vc_column width=&#8221;2\/3&#8243;][vc_empty_space height=&#8221;30px&#8221;][vc_column_text][\/vc_column_text][vc_empty_space height=&#8221;40px&#8221;][\/vc_column][vc_column width=&#8221;1\/6&#8243;][\/vc_column][\/vc_row][vc_row][vc_column][\/vc_column][\/vc_row]\" \/>\n<meta property=\"og:url\" content=\"https:\/\/www.poymena.com\/tunisia\/brochure\/\" \/>\n<meta property=\"og:site_name\" content=\"Tunisia - POYMENA\" \/>\n<meta property=\"article:modified_time\" content=\"2020-09-25T10:42:32+00:00\" \/>\n<meta property=\"og:image\" content=\"https:\/\/2ottnj1ijz4j2qdiwjnv8rr7-wpengine.netdna-ssl.com\/wp-content\/uploads\/2020\/06\/POYF-Banner-brochure-Juin-2020_HR-500x375.png\" \/>\n<meta name=\"twitter:card\" content=\"summary_large_image\" \/>\n<script type=\"application\/ld+json\" class=\"yoast-schema-graph\">{\"@context\":\"https:\/\/schema.org\",\"@graph\":[{\"@type\":\"WebPage\",\"@id\":\"https:\/\/www.poymena.com\/tunisia\/brochure\/\",\"url\":\"https:\/\/www.poymena.com\/tunisia\/brochure\/\",\"name\":\"BROCHURE - Tunisia - POYMENA\",\"isPartOf\":{\"@id\":\"https:\/\/www.poymena.com\/tunisia\/#website\"},\"primaryImageOfPage\":{\"@id\":\"https:\/\/www.poymena.com\/tunisia\/brochure\/#primaryimage\"},\"image\":{\"@id\":\"https:\/\/www.poymena.com\/tunisia\/brochure\/#primaryimage\"},\"thumbnailUrl\":\"https:\/\/2ottnj1ijz4j2qdiwjnv8rr7-wpengine.netdna-ssl.com\/wp-content\/uploads\/2020\/06\/POYF-Banner-brochure-Juin-2020_HR-500x375.png\",\"datePublished\":\"2020-09-25T10:14:43+00:00\",\"dateModified\":\"2020-09-25T10:42:32+00:00\",\"breadcrumb\":{\"@id\":\"https:\/\/www.poymena.com\/tunisia\/brochure\/#breadcrumb\"},\"inLanguage\":\"en-US\",\"potentialAction\":[{\"@type\":\"ReadAction\",\"target\":[\"https:\/\/www.poymena.com\/tunisia\/brochure\/\"]}]},{\"@type\":\"ImageObject\",\"inLanguage\":\"en-US\",\"@id\":\"https:\/\/www.poymena.com\/tunisia\/brochure\/#primaryimage\",\"url\":\"https:\/\/2ottnj1ijz4j2qdiwjnv8rr7-wpengine.netdna-ssl.com\/wp-content\/uploads\/2020\/06\/POYF-Banner-brochure-Juin-2020_HR-500x375.png\",\"contentUrl\":\"https:\/\/2ottnj1ijz4j2qdiwjnv8rr7-wpengine.netdna-ssl.com\/wp-content\/uploads\/2020\/06\/POYF-Banner-brochure-Juin-2020_HR-500x375.png\"},{\"@type\":\"BreadcrumbList\",\"@id\":\"https:\/\/www.poymena.com\/tunisia\/brochure\/#breadcrumb\",\"itemListElement\":[{\"@type\":\"ListItem\",\"position\":1,\"name\":\"Home\",\"item\":\"https:\/\/www.poymena.com\/tunisia\/\"},{\"@type\":\"ListItem\",\"position\":2,\"name\":\"BROCHURE\"}]},{\"@type\":\"WebSite\",\"@id\":\"https:\/\/www.poymena.com\/tunisia\/#website\",\"url\":\"https:\/\/www.poymena.com\/tunisia\/\",\"name\":\"Tunisia - POYMENA\",\"description\":\"\",\"potentialAction\":[{\"@type\":\"SearchAction\",\"target\":{\"@type\":\"EntryPoint\",\"urlTemplate\":\"https:\/\/www.poymena.com\/tunisia\/?s={search_term_string}\"},\"query-input\":{\"@type\":\"PropertyValueSpecification\",\"valueRequired\":true,\"valueName\":\"search_term_string\"}}],\"inLanguage\":\"en-US\"}]}<\/script>\n<!-- \/ Yoast SEO plugin. -->","yoast_head_json":{"title":"BROCHURE - Tunisia - POYMENA","robots":{"index":"index","follow":"follow","max-snippet":"max-snippet:-1","max-image-preview":"max-image-preview:large","max-video-preview":"max-video-preview:-1"},"canonical":"https:\/\/www.poymena.com\/tunisia\/brochure\/","og_locale":"en_US","og_type":"article","og_title":"BROCHURE - Tunisia - POYMENA","og_description":"[vc_row][vc_column][vc_empty_space height=&#8221;50px&#8221;][\/vc_column][\/vc_row][vc_row content_placement=&#8221;middle&#8221;][vc_column width=&#8221;1\/6&#8243;][\/vc_column][vc_column width=&#8221;2\/3&#8243;][vc_empty_space height=&#8221;30px&#8221;][vc_column_text][\/vc_column_text][vc_empty_space height=&#8221;40px&#8221;][\/vc_column][vc_column width=&#8221;1\/6&#8243;][\/vc_column][\/vc_row][vc_row][vc_column][\/vc_column][\/vc_row]","og_url":"https:\/\/www.poymena.com\/tunisia\/brochure\/","og_site_name":"Tunisia - POYMENA","article_modified_time":"2020-09-25T10:42:32+00:00","og_image":[{"url":"https:\/\/2ottnj1ijz4j2qdiwjnv8rr7-wpengine.netdna-ssl.com\/wp-content\/uploads\/2020\/06\/POYF-Banner-brochure-Juin-2020_HR-500x375.png","type":"","width":"","height":""}],"twitter_card":"summary_large_image","schema":{"@context":"https:\/\/schema.org","@graph":[{"@type":"WebPage","@id":"https:\/\/www.poymena.com\/tunisia\/brochure\/","url":"https:\/\/www.poymena.com\/tunisia\/brochure\/","name":"BROCHURE - Tunisia - POYMENA","isPartOf":{"@id":"https:\/\/www.poymena.com\/tunisia\/#website"},"primaryImageOfPage":{"@id":"https:\/\/www.poymena.com\/tunisia\/brochure\/#primaryimage"},"image":{"@id":"https:\/\/www.poymena.com\/tunisia\/brochure\/#primaryimage"},"thumbnailUrl":"https:\/\/2ottnj1ijz4j2qdiwjnv8rr7-wpengine.netdna-ssl.com\/wp-content\/uploads\/2020\/06\/POYF-Banner-brochure-Juin-2020_HR-500x375.png","datePublished":"2020-09-25T10:14:43+00:00","dateModified":"2020-09-25T10:42:32+00:00","breadcrumb":{"@id":"https:\/\/www.poymena.com\/tunisia\/brochure\/#breadcrumb"},"inLanguage":"en-US","potentialAction":[{"@type":"ReadAction","target":["https:\/\/www.poymena.com\/tunisia\/brochure\/"]}]},{"@type":"ImageObject","inLanguage":"en-US","@id":"https:\/\/www.poymena.com\/tunisia\/brochure\/#primaryimage","url":"https:\/\/2ottnj1ijz4j2qdiwjnv8rr7-wpengine.netdna-ssl.com\/wp-content\/uploads\/2020\/06\/POYF-Banner-brochure-Juin-2020_HR-500x375.png","contentUrl":"https:\/\/2ottnj1ijz4j2qdiwjnv8rr7-wpengine.netdna-ssl.com\/wp-content\/uploads\/2020\/06\/POYF-Banner-brochure-Juin-2020_HR-500x375.png"},{"@type":"BreadcrumbList","@id":"https:\/\/www.poymena.com\/tunisia\/brochure\/#breadcrumb","itemListElement":[{"@type":"ListItem","position":1,"name":"Home","item":"https:\/\/www.poymena.com\/tunisia\/"},{"@type":"ListItem","position":2,"name":"BROCHURE"}]},{"@type":"WebSite","@id":"https:\/\/www.poymena.com\/tunisia\/#website","url":"https:\/\/www.poymena.com\/tunisia\/","name":"Tunisia - POYMENA","description":"","potentialAction":[{"@type":"SearchAction","target":{"@type":"EntryPoint","urlTemplate":"https:\/\/www.poymena.com\/tunisia\/?s={search_term_string}"},"query-input":{"@type":"PropertyValueSpecification","valueRequired":true,"valueName":"search_term_string"}}],"inLanguage":"en-US"}]}},"_links":{"self":[{"href":"https:\/\/www.poymena.com\/tunisia\/wp-json\/wp\/v2\/pages\/6466","targetHints":{"allow":["GET"]}}],"collection":[{"href":"https:\/\/www.poymena.com\/tunisia\/wp-json\/wp\/v2\/pages"}],"about":[{"href":"https:\/\/www.poymena.com\/tunisia\/wp-json\/wp\/v2\/types\/page"}],"author":[{"embeddable":true,"href":"https:\/\/www.poymena.com\/tunisia\/wp-json\/wp\/v2\/users\/2"}],"replies":[{"embeddable":true,"href":"https:\/\/www.poymena.com\/tunisia\/wp-json\/wp\/v2\/comments?post=6466"}],"version-history":[{"count":5,"href":"https:\/\/www.poymena.com\/tunisia\/wp-json\/wp\/v2\/pages\/6466\/revisions"}],"predecessor-version":[{"id":6469,"href":"https:\/\/www.poymena.com\/tunisia\/wp-json\/wp\/v2\/pages\/6466\/revisions\/6469"}],"wp:attachment":[{"href":"https:\/\/www.poymena.com\/tunisia\/wp-json\/wp\/v2\/media?parent=6466"}],"curies":[{"name":"wp","href":"https:\/\/api.w.org\/{rel}","templated":true}]}}